{"id":123,"date":"2024-11-25T14:22:26","date_gmt":"2024-11-25T12:22:26","guid":{"rendered":"https:\/\/biomarato.org\/catalunya\/?page_id=123"},"modified":"2025-05-19T11:09:25","modified_gmt":"2025-05-19T09:09:25","slug":"resultats","status":"publish","type":"page","link":"https:\/\/biomarato.org\/catalunya\/resultats\/","title":{"rendered":"Resultats"},"content":{"rendered":"<p>[et_pb_section fb_built=&#8221;1&#8243; custom_padding_last_edited=&#8221;on|phone&#8221; _builder_version=&#8221;4.27.4&#8243; _module_preset=&#8221;_initial&#8221; background_color=&#8221;#F5FFFE&#8221; use_background_color_gradient=&#8221;on&#8221; background_color_gradient_stops=&#8221;#f5fffe 0%|#dff6f4 100%&#8221; custom_padding=&#8221;6em||10em||false|false&#8221; custom_padding_tablet=&#8221;6em||6em||true|false&#8221; custom_padding_phone=&#8221;0em||0em||true|false&#8221; locked=&#8221;off&#8221; global_colors_info=&#8221;{}&#8221;][et_pb_row column_structure=&#8221;1_2,1_2&#8243; make_equal=&#8221;on&#8221; module_class=&#8221;align-center fila_sangre &#8221; _builder_version=&#8221;4.27.2&#8243; _module_preset=&#8221;_initial&#8221; custom_css_main_element=&#8221;img{||  width: revert-layer !important;||}&#8221; global_colors_info=&#8221;{}&#8221;][et_pb_column type=&#8221;1_2&#8243; _builder_version=&#8221;4.27.2&#8243; _module_preset=&#8221;default&#8221; global_colors_info=&#8221;{}&#8221;][et_pb_text _builder_version=&#8221;4.27.2&#8243; _module_preset=&#8221;_initial&#8221; text_font=&#8221;|600||on|||||&#8221; text_line_height=&#8221;1.1em&#8221; width=&#8221;90%&#8221; global_colors_info=&#8221;{}&#8221;]<\/p>\n<p>CONEIX LA BIODIVERSITAT MARINA GLOBAL<\/p>\n<p>[\/et_pb_text][et_pb_text _builder_version=&#8221;4.27.2&#8243; _module_preset=&#8221;_initial&#8221; header_font=&#8221;|800|||||||&#8221; header_text_color=&#8221;#046A83&#8243; header_font_size=&#8221;50px&#8221; header_2_font=&#8221;||||||||&#8221; header_2_text_color=&#8221;#046A83&#8243; header_2_font_size=&#8221;50px&#8221; header_font_size_tablet=&#8221;50px&#8221; header_font_size_phone=&#8221;40px&#8221; header_font_size_last_edited=&#8221;on|phone&#8221; global_colors_info=&#8221;{}&#8221;]<\/p>\n<h1>Els resultats de la<br \/>Bio<span class=\"color_light_turquoise\">MAR<\/span>at\u00f3<\/h1>\n<p>[\/et_pb_text][et_pb_text _builder_version=&#8221;4.27.2&#8243; _module_preset=&#8221;_initial&#8221; custom_margin_tablet=&#8221;||32px||false|false&#8221; custom_margin_phone=&#8221;||0px||false|false&#8221; custom_margin_last_edited=&#8221;on|phone&#8221; global_colors_info=&#8221;{}&#8221;]<\/p>\n<p>Les BioMARatons celebrades arreu del m\u00f3n recullen i comparteixen les dades sobre les esp\u00e8cies observades, la participaci\u00f3 i altres m\u00e8triques destacades que reflecteixen l&#8217;\u00e8xit de les iniciatives.<\/p>\n<p>Consulta els resultats de la BioMARat\u00f3 2024 en temps real i recupera les dades de les edicions anteriors.<\/p>\n<p>[\/et_pb_text][\/et_pb_column][et_pb_column type=&#8221;1_2&#8243; module_class=&#8221;sangre_derecha flex align-center&#8221; _builder_version=&#8221;4.27.2&#8243; _module_preset=&#8221;default&#8221; global_colors_info=&#8221;{}&#8221;][et_pb_image src=&#8221;https:\/\/biomarato.org\/catalunya\/wp-content\/uploads\/sites\/3\/2025\/03\/Plantilla-disenys-RESULTATS.png&#8221; title_text=&#8221;Plantilla disenys RESULTATS&#8221; _builder_version=&#8221;4.27.4&#8243; _module_preset=&#8221;_initial&#8221; width=&#8221;100%&#8221; custom_margin=&#8221;0px||||false|false&#8221; global_colors_info=&#8221;{}&#8221;][\/et_pb_image][\/et_pb_column][\/et_pb_row][\/et_pb_section][et_pb_section fb_built=&#8221;1&#8243; custom_padding_last_edited=&#8221;on|phone&#8221; _builder_version=&#8221;4.27.4&#8243; _module_preset=&#8221;_initial&#8221; background_color=&#8221;#FFFFFF&#8221; custom_margin=&#8221;0px||||false|false&#8221; custom_margin_tablet=&#8221;6em||||false|false&#8221; custom_margin_phone=&#8221;6em||||false|false&#8221; custom_margin_last_edited=&#8221;on|phone&#8221; custom_padding=&#8221;12em||||false|false&#8221; custom_padding_tablet=&#8221;12em||||false|false&#8221; custom_padding_phone=&#8221;6em|24px||24px|false|true&#8221; top_divider_style=&#8221;waves2&#8243; top_divider_color=&#8221;#dff6f4&#8243; global_colors_info=&#8221;{}&#8221;][et_pb_row column_structure=&#8221;1_5,3_5,1_5&#8243; _builder_version=&#8221;4.27.2&#8243; _module_preset=&#8221;_initial&#8221; global_colors_info=&#8221;{}&#8221;][et_pb_column type=&#8221;1_5&#8243; _builder_version=&#8221;4.27.2&#8243; _module_preset=&#8221;default&#8221; global_colors_info=&#8221;{}&#8221;][\/et_pb_column][et_pb_column type=&#8221;3_5&#8243; _builder_version=&#8221;4.27.2&#8243; _module_preset=&#8221;default&#8221; global_colors_info=&#8221;{}&#8221;][et_pb_text _builder_version=&#8221;4.27.4&#8243; _module_preset=&#8221;_initial&#8221; header_font=&#8221;|800|||||||&#8221; header_text_align=&#8221;center&#8221; header_text_color=&#8221;#046A83&#8243; header_font_size=&#8221;50px&#8221; header_2_font=&#8221;||||||||&#8221; header_2_text_align=&#8221;center&#8221; header_2_text_color=&#8221;#046A83&#8243; header_2_font_size=&#8221;46px&#8221; custom_margin=&#8221;||1rem||false|false&#8221; custom_padding=&#8221;||0px||false|false&#8221; header_2_font_size_tablet=&#8221;46px&#8221; header_2_font_size_phone=&#8221;34px&#8221; header_2_font_size_last_edited=&#8221;on|phone&#8221; global_colors_info=&#8221;{}&#8221;]<\/p>\n<h2>Submergeix-te en les dades<\/h2>\n<p>[\/et_pb_text][et_pb_text _builder_version=&#8221;4.27.4&#8243; _module_preset=&#8221;_initial&#8221; text_font=&#8221;|300||on|||||&#8221; text_line_height=&#8221;1.1em&#8221; text_orientation=&#8221;center&#8221; width=&#8221;90%&#8221; global_colors_info=&#8221;{}&#8221;]<\/p>\n<p>ANY 2025<\/p>\n<p>[\/et_pb_text][\/et_pb_column][et_pb_column type=&#8221;1_5&#8243; _builder_version=&#8221;4.27.2&#8243; _module_preset=&#8221;default&#8221; global_colors_info=&#8221;{}&#8221;][\/et_pb_column][\/et_pb_row][et_pb_row _builder_version=&#8221;4.27.2&#8243; _module_preset=&#8221;_initial&#8221; global_colors_info=&#8221;{}&#8221;][et_pb_column type=&#8221;4_4&#8243; _builder_version=&#8221;4.27.2&#8243; _module_preset=&#8221;default&#8221; global_colors_info=&#8221;{}&#8221;][et_pb_code _builder_version=&#8221;4.27.4&#8243; _module_preset=&#8221;default&#8221; hover_enabled=&#8221;0&#8243; global_colors_info=&#8221;{}&#8221; custom_css_main_element_last_edited=&#8221;on|phone&#8221; custom_css_main_element_phone=&#8221;zoom: 0.4;&#8221; sticky_enabled=&#8221;0&#8243;]<\/p>\n<div class=\"streamlit-embed\"><!-- [et_pb_line_break_holder] -->\u00a0 <iframe src=\"https:\/\/dashboard.minka-sdg.org\/biomarato25\"\u00a0width=\"100%\" height=\"800\" frameborder=\"0\" style=\"width:100%\"><\/iframe><!-- [et_pb_line_break_holder] --><\/div>\n<p><!-- [et_pb_line_break_holder] --><!-- [et_pb_line_break_holder] --><\/p>\n<style><!-- [et_pb_line_break_holder] -->\u00a0 \/* Por defecto, muestra *\/<!-- [et_pb_line_break_holder] -->\u00a0 .streamlit-embed {<!-- [et_pb_line_break_holder] -->\u00a0\u00a0\u00a0 display: block;<!-- [et_pb_line_break_holder] -->\u00a0 }<!-- [et_pb_line_break_holder] --><!-- [et_pb_line_break_holder] -->\/* En pantallas peque\u00f1as, oculta *\/<!-- [et_pb_line_break_holder] -->\u00a0 @\u200cmedia only screen and (max-width: 768px) {<!-- [et_pb_line_break_holder] -->\u00a0\u00a0\u00a0 .streamlit-embed {<!-- [et_pb_line_break_holder] -->\u00a0\u00a0\u00a0\u00a0\u00a0 display: none;<!-- [et_pb_line_break_holder] -->\u00a0\u00a0\u00a0 }<!-- [et_pb_line_break_holder] -->\u00a0 }<!-- [et_pb_line_break_holder] --><\/style>\n<p><!-- [et_pb_line_break_holder] --><!-- [et_pb_line_break_holder] --><\/p>\n<div class=\"minka-embed\"><!-- [et_pb_line_break_holder] -->\u00a0 <iframe src=\"https:\/\/minka-sdg.org\/projects\/biomarato-2025-catalunya\"\u00a0width=\"100%\" height=\"800\" frameborder=\"0\" style=\"width:100%\"><\/iframe><!-- [et_pb_line_break_holder] --><\/div>\n<p>[\/et_pb_code][\/et_pb_column][\/et_pb_row][\/et_pb_section][et_pb_section fb_built=&#8221;1&#8243; _builder_version=&#8221;4.27.4&#8243; _module_preset=&#8221;_initial&#8221; background_color=&#8221;#F5FFFE&#8221; background_enable_color=&#8221;off&#8221; use_background_color_gradient=&#8221;on&#8221; background_color_gradient_stops=&#8221;rgba(95,191,187,0.3) 0%|#ffffff 100%&#8221; custom_padding=&#8221;10em||||false|false&#8221; top_divider_style=&#8221;waves&#8221; top_divider_color=&#8221;#FFFFFF&#8221; global_colors_info=&#8221;{}&#8221;][et_pb_row _builder_version=&#8221;4.27.2&#8243; _module_preset=&#8221;_initial&#8221; global_colors_info=&#8221;{}&#8221;][et_pb_column type=&#8221;4_4&#8243; _builder_version=&#8221;4.27.2&#8243; _module_preset=&#8221;default&#8221; global_colors_info=&#8221;{}&#8221;][et_pb_text _builder_version=&#8221;4.27.2&#8243; _module_preset=&#8221;_initial&#8221; header_font=&#8221;|800|||||||&#8221; header_text_color=&#8221;#046A83&#8243; header_font_size=&#8221;50px&#8221; header_2_font=&#8221;||||||||&#8221; header_2_text_color=&#8221;#046A83&#8243; header_2_font_size=&#8221;46px&#8221; custom_margin=&#8221;||1rem||false|false&#8221; custom_padding=&#8221;||0px||false|false&#8221; header_2_font_size_tablet=&#8221;46px&#8221; header_2_font_size_phone=&#8221;34px&#8221; header_2_font_size_last_edited=&#8221;on|phone&#8221; global_colors_info=&#8221;{}&#8221;]<\/p>\n<h2>Altres anys<\/h2>\n<p>[\/et_pb_text][\/et_pb_column][\/et_pb_row][et_pb_row _builder_version=&#8221;4.27.2&#8243; _module_preset=&#8221;_initial&#8221; locked=&#8221;off&#8221; global_colors_info=&#8221;{}&#8221;][et_pb_column type=&#8221;4_4&#8243; _builder_version=&#8221;4.27.2&#8243; _module_preset=&#8221;default&#8221; global_colors_info=&#8221;{}&#8221;][dsm_card_carousel autoplay=&#8221;off&#8221; space_between=&#8221;30&#8243; infinite=&#8221;off&#8221; use_arrow_custom_position=&#8221;on&#8221; arrow_custom_position=&#8221;-30px&#8221; arrow_color=&#8221;#046A83&#8243; arrow_background_color=&#8221;#FFFFFF&#8221; dots_horizontal_placement=&#8221;-80px&#8221; dots_active_color=&#8221;#046A83&#8243; dots_inactive_color=&#8221;RGBA(95,191,187,0.3)&#8221; module_class=&#8221;altres_ans&#8221; _builder_version=&#8221;4.27.4&#8243; _module_preset=&#8221;default&#8221; custom_margin=&#8221;||120px||false|false&#8221; custom_padding=&#8221;||0px||false|false&#8221; border_radii_arrow=&#8221;on|50px|50px|50px|50px&#8221; global_colors_info=&#8221;{}&#8221;][dsm_card_carousel_child title=&#8221;2024&#8243; image=&#8221;https:\/\/biomarato.org\/catalunya\/wp-content\/uploads\/sites\/3\/2024\/12\/Foto3-1.jpg&#8221; image_background_height=&#8221;320px&#8221; button_url_new_window=&#8221;1&#8243; _builder_version=&#8221;4.27.4&#8243; _module_preset=&#8221;default&#8221; header_text_color=&#8221;#FFFFFF&#8221; header_font_size=&#8221;28px&#8221; body_font=&#8221;|300|||||||&#8221; body_text_color=&#8221;#FFFFFF&#8221; body_font_size=&#8221;20px&#8221; body_link_font=&#8221;|300|||||||&#8221; body_link_text_color=&#8221;#FFFFFF&#8221; border_radii=&#8221;on|20px|20px|20px|20px&#8221; global_colors_info=&#8221;{}&#8221; body_link_text_color__hover_enabled=&#8221;on|desktop&#8221; body_link_text_color__hover=&#8221;#5FBFBB&#8221;]<\/p>\n<p><a href=\"https:\/\/zenodo.org\/records\/14267575\" target=\"_blank\" rel=\"noopener\">CA<\/a> | <a href=\"https:\/\/zenodo.org\/records\/14268430\" target=\"_blank\" rel=\"noopener\">ES<\/a> | <a href=\"https:\/\/zenodo.org\/records\/14268324\" target=\"_blank\" rel=\"noopener\">EN<\/a><\/p>\n<p>[\/dsm_card_carousel_child][dsm_card_carousel_child title=&#8221;2023&#8243; image=&#8221;https:\/\/biomarato.org\/catalunya\/wp-content\/uploads\/sites\/3\/2024\/12\/Foto5.jpg&#8221; image_background_height=&#8221;320px&#8221; button_url_new_window=&#8221;1&#8243; _builder_version=&#8221;4.27.4&#8243; _module_preset=&#8221;default&#8221; header_text_color=&#8221;#FFFFFF&#8221; header_font_size=&#8221;28px&#8221; body_font=&#8221;|300|||||||&#8221; body_text_color=&#8221;#FFFFFF&#8221; body_font_size=&#8221;20px&#8221; body_link_font=&#8221;|300|||||||&#8221; body_link_text_color=&#8221;#FFFFFF&#8221; border_radii=&#8221;on|20px|20px|20px|20px&#8221; global_colors_info=&#8221;{}&#8221; body_link_text_color__hover_enabled=&#8221;on|desktop&#8221; body_link_text_color__hover=&#8221;#5FBFBB&#8221;]<\/p>\n<p><a href=\"https:\/\/zenodo.org\/records\/10215230 \" target=\"_blank\" rel=\"noopener\">CA<\/a> | <a href=\"https:\/\/zenodo.org\/records\/10215230 \" target=\"_blank\" rel=\"noopener\">ES<\/a> | <a href=\"https:\/\/zenodo.org\/records\/10215230 \" target=\"_blank\" rel=\"noopener\">EN<\/a><\/p>\n<p>[\/dsm_card_carousel_child][dsm_card_carousel_child title=&#8221;2022&#8243; image=&#8221;https:\/\/biomarato.org\/catalunya\/wp-content\/uploads\/sites\/3\/2024\/12\/Foto4.jpg&#8221; image_background_height=&#8221;320px&#8221; button_url_new_window=&#8221;1&#8243; _builder_version=&#8221;4.27.4&#8243; _module_preset=&#8221;default&#8221; header_text_color=&#8221;#FFFFFF&#8221; header_font_size=&#8221;28px&#8221; body_font=&#8221;|300|||||||&#8221; body_text_color=&#8221;#FFFFFF&#8221; body_font_size=&#8221;20px&#8221; body_link_font=&#8221;|300|||||||&#8221; body_link_text_color=&#8221;#FFFFFF&#8221; border_radii=&#8221;on|20px|20px|20px|20px&#8221; global_colors_info=&#8221;{}&#8221; body_link_text_color__hover_enabled=&#8221;on|desktop&#8221; body_link_text_color__hover=&#8221;#5FBFBB&#8221;]<\/p>\n<p><a href=\"https:\/\/zenodo.org\/records\/7515524\" target=\"_blank\">CA<\/a> | <a href=\"https:\/\/zenodo.org\/records\/7515518\" target=\"_blank\">ES<\/a> | <a href=\"https:\/\/zenodo.org\/records\/7515568\" target=\"_blank\">EN<\/a><\/p>\n<p>[\/dsm_card_carousel_child][dsm_card_carousel_child title=&#8221;2021&#8243; image=&#8221;https:\/\/biomarato.org\/catalunya\/wp-content\/uploads\/sites\/3\/2024\/12\/Foto2.jpg&#8221; image_background_height=&#8221;320px&#8221; button_url_new_window=&#8221;1&#8243; _builder_version=&#8221;4.27.4&#8243; _module_preset=&#8221;default&#8221; header_text_color=&#8221;#FFFFFF&#8221; header_font_size=&#8221;28px&#8221; body_font=&#8221;|300|||||||&#8221; body_text_color=&#8221;#FFFFFF&#8221; body_font_size=&#8221;20px&#8221; body_link_font=&#8221;|300|||||||&#8221; body_link_text_color=&#8221;#FFFFFF&#8221; border_radii=&#8221;on|20px|20px|20px|20px&#8221; global_colors_info=&#8221;{}&#8221; body_link_text_color__hover_enabled=&#8221;on|desktop&#8221; body_link_text_color__hover=&#8221;#5FBFBB&#8221;]<\/p>\n<p><a href=\"https:\/\/zenodo.org\/records\/7658370\" target=\"_blank\">CA<\/a> | <a href=\"https:\/\/zenodo.org\/records\/7660012\" target=\"_blank\">ES<\/a> | <a href=\"https:\/\/zenodo.org\/records\/7658110\" target=\"_blank\">EN<\/a><\/p>\n<p>[\/dsm_card_carousel_child][\/dsm_card_carousel][\/et_pb_column][\/et_pb_row][\/et_pb_section]<\/p>\n","protected":false},"excerpt":{"rendered":"<p>CONEIX LA BIODIVERSITAT MARINA GLOBALEls resultats de laBioMARat\u00f3Les BioMARatons celebrades arreu del m\u00f3n recullen i comparteixen les dades sobre les esp\u00e8cies observades, la participaci\u00f3 i altres m\u00e8triques destacades que reflecteixen l&#8217;\u00e8xit de les iniciatives. Consulta els resultats de la BioMARat\u00f3 2024 en temps real i recupera les dades de les edicions anteriors.Submergeix-te en les dadesANY 2025Altres anys<div class=\"et_pb_module dsm_card_carousel dsm_card_carousel_0 altres_ans dsm_card_carousel_layout_stacked \">\n\t\t\t\t\n\t\t\t\t\n\t\t\t\t\n\t\t\t\t\n\t\t\t\t\n\t\t\t\t\n\t\t\t\t<div class=\"et_pb_module_inner\">\n\t\t\t\t\t\n\t\t\t\n\t\t\t<div class=\"swiper-container dsm_card_carousel_wrapper\" dir=\"ltr\" data-params=\"[{&quot;direction&quot;:&quot;horizontal&quot;,&quot;effect&quot;:&quot;default&quot;,&quot;slider_effect_shadows&quot;:false,&quot;slider_effect_coverflow_rotate&quot;:&quot;30&quot;,&quot;slider_effect_coverflow_depth&quot;:&quot;0&quot;,&quot;loop&quot;:false,&quot;infinite_smooth_scrolling&quot;:false,&quot;slide_to_show&quot;:&quot;3&quot;,&quot;slide_to_show_tablet&quot;:&quot;1&quot;,&quot;slide_to_show_phone&quot;:&quot;1&quot;,&quot;slide_to_scroll&quot;:&quot;1&quot;,&quot;slide_to_scroll_tablet&quot;:&quot;1&quot;,&quot;slide_to_scroll_phone&quot;:&quot;1&quot;,&quot;space_between&quot;:&quot;30&quot;,&quot;space_between_tablet&quot;:&quot;30&quot;,&quot;space_between_phone&quot;:&quot;30&quot;,&quot;centered_slides&quot;:false,&quot;multiple_slide_row&quot;:&quot;off&quot;,&quot;slide_row&quot;:&quot;1&quot;,&quot;slide_row_tablet&quot;:&quot;1&quot;,&quot;slide_row_phone&quot;:&quot;1&quot;,&quot;speed&quot;:&quot;300&quot;,&quot;autoplay&quot;:false,&quot;autoplay_speed&quot;:&quot;3000&quot;,&quot;autoplay_viewport&quot;:&quot;&quot;,&quot;touch_move&quot;:true,&quot;grab&quot;:true,&quot;pause_on_hover&quot;:false,&quot;mousewheel&quot;:false,&quot;auto_height&quot;:true,&quot;equal_height&quot;:true,&quot;equal_height_tablet&quot;:true,&quot;equal_height_phone&quot;:true}]\">\n\t\t\t<div class=\"swiper-wrapper\"><div class=\"dsm_card_carousel_child dsm_card_carousel_child_0 swiper-slide\">\n\t\t\t\t\n\t\t\t\t\n\t\t\t\t\n\t\t\t\t\n\t\t\t\t\n\t\t\t\t\n\t\t\t\t<div class=\"et_pb_module_inner\">\n\t\t\t\t\t\n\t\t\t\n\t\t\t<figure class=\"dsm_card_carousel_child_image_wrapper dsm_card_carousel_child_badge_top_right\"><div class=\"dsm_card_carousel_child_image_background dsm_card_carousel_child_img\"><\/div><\/figure>\n\t\t\t<div class=\"dsm_card_wrapper et_pb_text_align_left et_pb_bg_layout_light\">\n\t\t\t\t\t<h4 class=\"dsm_card_title et_pb_module_header\">2024<\/h4>\n\t\t\t\t\t\n\t\t\t\t\t<div class=\"dsm_card_carousel_child_description\">CA | ES | EN<\/div>\n\t\t\t\t\t\n\t\t\t\t<\/div>\n\t\t\t\t<\/div>\n\t\t\t<\/div><div class=\"dsm_card_carousel_child dsm_card_carousel_child_1 swiper-slide\">\n\t\t\t\t\n\t\t\t\t\n\t\t\t\t\n\t\t\t\t\n\t\t\t\t\n\t\t\t\t\n\t\t\t\t<div class=\"et_pb_module_inner\">\n\t\t\t\t\t\n\t\t\t\n\t\t\t<figure class=\"dsm_card_carousel_child_image_wrapper dsm_card_carousel_child_badge_top_right\"><div class=\"dsm_card_carousel_child_image_background dsm_card_carousel_child_img\"><\/div><\/figure>\n\t\t\t<div class=\"dsm_card_wrapper et_pb_text_align_left et_pb_bg_layout_light\">\n\t\t\t\t\t<h4 class=\"dsm_card_title et_pb_module_header\">2023<\/h4>\n\t\t\t\t\t\n\t\t\t\t\t<div class=\"dsm_card_carousel_child_description\">CA | ES | EN<\/div>\n\t\t\t\t\t\n\t\t\t\t<\/div>\n\t\t\t\t<\/div>\n\t\t\t<\/div><div class=\"dsm_card_carousel_child dsm_card_carousel_child_2 swiper-slide\">\n\t\t\t\t\n\t\t\t\t\n\t\t\t\t\n\t\t\t\t\n\t\t\t\t\n\t\t\t\t\n\t\t\t\t<div class=\"et_pb_module_inner\">\n\t\t\t\t\t\n\t\t\t\n\t\t\t<figure class=\"dsm_card_carousel_child_image_wrapper dsm_card_carousel_child_badge_top_right\"><div class=\"dsm_card_carousel_child_image_background dsm_card_carousel_child_img\"><\/div><\/figure>\n\t\t\t<div class=\"dsm_card_wrapper et_pb_text_align_left et_pb_bg_layout_light\">\n\t\t\t\t\t<h4 class=\"dsm_card_title et_pb_module_header\">2022<\/h4>\n\t\t\t\t\t\n\t\t\t\t\t<div class=\"dsm_card_carousel_child_description\">CA | ES | EN<\/div>\n\t\t\t\t\t\n\t\t\t\t<\/div>\n\t\t\t\t<\/div>\n\t\t\t<\/div><div class=\"dsm_card_carousel_child dsm_card_carousel_child_3 swiper-slide\">\n\t\t\t\t\n\t\t\t\t\n\t\t\t\t\n\t\t\t\t\n\t\t\t\t\n\t\t\t\t\n\t\t\t\t<div class=\"et_pb_module_inner\">\n\t\t\t\t\t\n\t\t\t\n\t\t\t<figure class=\"dsm_card_carousel_child_image_wrapper dsm_card_carousel_child_badge_top_right\"><div class=\"dsm_card_carousel_child_image_background dsm_card_carousel_child_img\"><\/div><\/figure>\n\t\t\t<div class=\"dsm_card_wrapper et_pb_text_align_left et_pb_bg_layout_light\">\n\t\t\t\t\t<h4 class=\"dsm_card_title et_pb_module_header\">2021<\/h4>\n\t\t\t\t\t\n\t\t\t\t\t<div class=\"dsm_card_carousel_child_description\">CA | ES | EN<\/div>\n\t\t\t\t\t\n\t\t\t\t<\/div>\n\t\t\t\t<\/div>\n\t\t\t<\/div><\/div>\n\t\t\t<\/div><div class=\"swiper-button-prev dsm_card_carousel_arrow\" data-icon=\"4\"><\/div><div class=\"swiper-button-next dsm_card_carousel_arrow\" data-icon=\"5\"><\/div><div class=\"swiper-pagination dsm_card_carousel_pagination\"><\/div>\n\t\t\t\t<\/div>\n\t\t\t<\/div><\/p>\n","protected":false},"author":1,"featured_media":0,"parent":0,"menu_order":0,"comment_status":"closed","ping_status":"closed","template":"","meta":{"_acf_changed":false,"_et_pb_use_builder":"on","_et_pb_old_content":"","_et_gb_content_width":"","footnotes":""},"class_list":["post-123","page","type-page","status-publish","hentry"],"acf":[],"yoast_head":"<!-- This site is optimized with the Yoast SEO plugin v27.4 - https:\/\/yoast.com\/product\/yoast-seo-wordpress\/ -->\n<title>Resultats - La BioMARat\u00f3 a Catalunya<\/title>\n<meta name=\"robots\" content=\"index, follow, max-snippet:-1, max-image-preview:large, max-video-preview:-1\" \/>\n<link rel=\"canonical\" href=\"https:\/\/biomarato.org\/catalunya\/resultats\/\" \/>\n<meta property=\"og:locale\" content=\"ca_ES\" \/>\n<meta property=\"og:type\" content=\"article\" \/>\n<meta property=\"og:title\" content=\"Resultats - La BioMARat\u00f3 a Catalunya\" \/>\n<meta property=\"og:description\" content=\"CONEIX LA BIODIVERSITAT MARINA GLOBALEls resultats de laBioMARat\u00f3Les BioMARatons celebrades arreu del m\u00f3n recullen i comparteixen les dades sobre les esp\u00e8cies observades, la participaci\u00f3 i altres m\u00e8triques destacades que reflecteixen l&#039;\u00e8xit de les iniciatives. Consulta els resultats de la BioMARat\u00f3 2024 en temps real i recupera les dades de les edicions anteriors.Submergeix-te en les dadesANY 2025Altres anys\" \/>\n<meta property=\"og:url\" content=\"https:\/\/biomarato.org\/catalunya\/resultats\/\" \/>\n<meta property=\"og:site_name\" content=\"La BioMARat\u00f3 a Catalunya\" \/>\n<meta property=\"article:modified_time\" content=\"2025-05-19T09:09:25+00:00\" \/>\n<meta name=\"twitter:card\" content=\"summary_large_image\" \/>\n<meta name=\"twitter:label1\" content=\"Temps estimat de lectura\" \/>\n\t<meta name=\"twitter:data1\" content=\"1 minut\" \/>\n<script type=\"application\/ld+json\" class=\"yoast-schema-graph\">{\"@context\":\"https:\\\/\\\/schema.org\",\"@graph\":[{\"@type\":\"WebPage\",\"@id\":\"https:\\\/\\\/biomarato.org\\\/catalunya\\\/resultats\\\/\",\"url\":\"https:\\\/\\\/biomarato.org\\\/catalunya\\\/resultats\\\/\",\"name\":\"Resultats - La BioMARat\u00f3 a Catalunya\",\"isPartOf\":{\"@id\":\"https:\\\/\\\/biomarato.org\\\/catalunya\\\/#website\"},\"datePublished\":\"2024-11-25T12:22:26+00:00\",\"dateModified\":\"2025-05-19T09:09:25+00:00\",\"breadcrumb\":{\"@id\":\"https:\\\/\\\/biomarato.org\\\/catalunya\\\/resultats\\\/#breadcrumb\"},\"inLanguage\":\"ca\",\"potentialAction\":[{\"@type\":\"ReadAction\",\"target\":[\"https:\\\/\\\/biomarato.org\\\/catalunya\\\/resultats\\\/\"]}]},{\"@type\":\"BreadcrumbList\",\"@id\":\"https:\\\/\\\/biomarato.org\\\/catalunya\\\/resultats\\\/#breadcrumb\",\"itemListElement\":[{\"@type\":\"ListItem\",\"position\":1,\"name\":\"Inici\",\"item\":\"https:\\\/\\\/biomarato.org\\\/catalunya\\\/\"},{\"@type\":\"ListItem\",\"position\":2,\"name\":\"Resultats\"}]},{\"@type\":\"WebSite\",\"@id\":\"https:\\\/\\\/biomarato.org\\\/catalunya\\\/#website\",\"url\":\"https:\\\/\\\/biomarato.org\\\/catalunya\\\/\",\"name\":\"La BioMARat\u00f3 a Catalunya\",\"description\":\"Una iniciativa per descobrir la biodiversitat marina amb la ci\u00e8ncia ciutadana\",\"potentialAction\":[{\"@type\":\"SearchAction\",\"target\":{\"@type\":\"EntryPoint\",\"urlTemplate\":\"https:\\\/\\\/biomarato.org\\\/catalunya\\\/?s={search_term_string}\"},\"query-input\":{\"@type\":\"PropertyValueSpecification\",\"valueRequired\":true,\"valueName\":\"search_term_string\"}}],\"inLanguage\":\"ca\"}]}<\/script>\n<!-- \/ Yoast SEO plugin. -->","yoast_head_json":{"title":"Resultats - La BioMARat\u00f3 a Catalunya","robots":{"index":"index","follow":"follow","max-snippet":"max-snippet:-1","max-image-preview":"max-image-preview:large","max-video-preview":"max-video-preview:-1"},"canonical":"https:\/\/biomarato.org\/catalunya\/resultats\/","og_locale":"ca_ES","og_type":"article","og_title":"Resultats - La BioMARat\u00f3 a Catalunya","og_description":"CONEIX LA BIODIVERSITAT MARINA GLOBALEls resultats de laBioMARat\u00f3Les BioMARatons celebrades arreu del m\u00f3n recullen i comparteixen les dades sobre les esp\u00e8cies observades, la participaci\u00f3 i altres m\u00e8triques destacades que reflecteixen l'\u00e8xit de les iniciatives. Consulta els resultats de la BioMARat\u00f3 2024 en temps real i recupera les dades de les edicions anteriors.Submergeix-te en les dadesANY 2025Altres anys","og_url":"https:\/\/biomarato.org\/catalunya\/resultats\/","og_site_name":"La BioMARat\u00f3 a Catalunya","article_modified_time":"2025-05-19T09:09:25+00:00","twitter_card":"summary_large_image","twitter_misc":{"Temps estimat de lectura":"1 minut"},"schema":{"@context":"https:\/\/schema.org","@graph":[{"@type":"WebPage","@id":"https:\/\/biomarato.org\/catalunya\/resultats\/","url":"https:\/\/biomarato.org\/catalunya\/resultats\/","name":"Resultats - La BioMARat\u00f3 a Catalunya","isPartOf":{"@id":"https:\/\/biomarato.org\/catalunya\/#website"},"datePublished":"2024-11-25T12:22:26+00:00","dateModified":"2025-05-19T09:09:25+00:00","breadcrumb":{"@id":"https:\/\/biomarato.org\/catalunya\/resultats\/#breadcrumb"},"inLanguage":"ca","potentialAction":[{"@type":"ReadAction","target":["https:\/\/biomarato.org\/catalunya\/resultats\/"]}]},{"@type":"BreadcrumbList","@id":"https:\/\/biomarato.org\/catalunya\/resultats\/#breadcrumb","itemListElement":[{"@type":"ListItem","position":1,"name":"Inici","item":"https:\/\/biomarato.org\/catalunya\/"},{"@type":"ListItem","position":2,"name":"Resultats"}]},{"@type":"WebSite","@id":"https:\/\/biomarato.org\/catalunya\/#website","url":"https:\/\/biomarato.org\/catalunya\/","name":"La BioMARat\u00f3 a Catalunya","description":"Una iniciativa per descobrir la biodiversitat marina amb la ci\u00e8ncia ciutadana","potentialAction":[{"@type":"SearchAction","target":{"@type":"EntryPoint","urlTemplate":"https:\/\/biomarato.org\/catalunya\/?s={search_term_string}"},"query-input":{"@type":"PropertyValueSpecification","valueRequired":true,"valueName":"search_term_string"}}],"inLanguage":"ca"}]}},"_links":{"self":[{"href":"https:\/\/biomarato.org\/catalunya\/wp-json\/wp\/v2\/pages\/123","targetHints":{"allow":["GET"]}}],"collection":[{"href":"https:\/\/biomarato.org\/catalunya\/wp-json\/wp\/v2\/pages"}],"about":[{"href":"https:\/\/biomarato.org\/catalunya\/wp-json\/wp\/v2\/types\/page"}],"author":[{"embeddable":true,"href":"https:\/\/biomarato.org\/catalunya\/wp-json\/wp\/v2\/users\/1"}],"replies":[{"embeddable":true,"href":"https:\/\/biomarato.org\/catalunya\/wp-json\/wp\/v2\/comments?post=123"}],"version-history":[{"count":19,"href":"https:\/\/biomarato.org\/catalunya\/wp-json\/wp\/v2\/pages\/123\/revisions"}],"predecessor-version":[{"id":1140,"href":"https:\/\/biomarato.org\/catalunya\/wp-json\/wp\/v2\/pages\/123\/revisions\/1140"}],"wp:attachment":[{"href":"https:\/\/biomarato.org\/catalunya\/wp-json\/wp\/v2\/media?parent=123"}],"curies":[{"name":"wp","href":"https:\/\/api.w.org\/{rel}","templated":true}]}}