{"id":1212,"date":"2025-06-03T12:08:09","date_gmt":"2025-06-03T10:08:09","guid":{"rendered":"https:\/\/biomarato.org\/catalunya\/?post_type=tribe_events&#038;p=1212"},"modified":"2025-06-03T12:08:09","modified_gmt":"2025-06-03T10:08:09","slug":"esnorquel-a-barcelona-open-fotosub-2025","status":"publish","type":"tribe_events","link":"https:\/\/biomarato.org\/catalunya\/event\/esnorquel-a-barcelona-open-fotosub-2025\/","title":{"rendered":"Esn\u00f2rquel a Barcelona: Open FotoSub 2025"},"content":{"rendered":"<p>El concurs combinar\u00e0 esn\u00f2rquel i fotografia submarina per descobrir la riquesa natural de la platja, alhora que es participa en una competici\u00f3 amistosa. Aquesta experi\u00e8ncia educativa permetr\u00e0 als participants aprendre sobre les esp\u00e8cies marines del litoral barcelon\u00ed, mentre gaudeixen d\u2019una activitat esportiva i d\u2019oci. A m\u00e9s, es promour\u00e0 una pr\u00e0ctica segura d\u2019immersi\u00f3 i s\u2019ensenyaran t\u00e8cniques per capturar imatges d\u2019esp\u00e8cies sota l\u2019aigua.<\/p>\n<p>Podran participar persones a partir de 12 anys que siguin residents legals a Espanya.<\/p>\n<p>L\u2019objectiu principal de la competici\u00f3 \u00e9s fomentar la participaci\u00f3 amateur, per la qual cosa queden exclosos del concurs els membres de l\u2019organitzaci\u00f3, els membres del jurat i\/o familiars, aix\u00ed com patrocinadors i col\u00b7laboradors directes.<\/p>\n<p>Les observacions fetes durant aquesta activitat es penjaran a la plataforma MINKA i estaran contribuint a la BioMARat\u00f3 Catalunya, un esdeveniment de ci\u00e8ncia ciutadana que busca registrar la biodiversitat del litoral de Catalunya entre maig i octubre.<\/p>\n","protected":false},"excerpt":{"rendered":"<p>El concurs combinar\u00e0 esn\u00f2rquel i fotografia submarina per descobrir la riquesa natural de la platja, alhora que es participa en una competici\u00f3 amistosa. Aquesta experi\u00e8ncia educativa permetr\u00e0 als participants aprendre [&hellip;]<\/p>\n","protected":false},"author":3,"featured_media":1213,"template":"","meta":{"_acf_changed":false,"_et_pb_use_builder":"","_et_pb_old_content":"","_et_gb_content_width":"","_tribe_events_status":"","_tribe_events_status_reason":"","footnotes":""},"tags":[],"tribe_events_cat":[22],"class_list":["post-1212","tribe_events","type-tribe_events","status-publish","has-post-thumbnail","hentry","tribe_events_cat-barcelona","cat_barcelona"],"acf":[],"yoast_head":"<!-- This site is optimized with the Yoast SEO plugin v27.5 - https:\/\/yoast.com\/product\/yoast-seo-wordpress\/ -->\n<title>Esn\u00f2rquel a Barcelona: Open FotoSub 2025 - La BioMARat\u00f3 a Catalunya<\/title>\n<meta name=\"robots\" content=\"index, follow, max-snippet:-1, max-image-preview:large, max-video-preview:-1\" \/>\n<link rel=\"canonical\" href=\"https:\/\/biomarato.org\/catalunya\/event\/esnorquel-a-barcelona-open-fotosub-2025\/\" \/>\n<meta property=\"og:locale\" content=\"ca_ES\" \/>\n<meta property=\"og:type\" content=\"article\" \/>\n<meta property=\"og:title\" content=\"Esn\u00f2rquel a Barcelona: Open FotoSub 2025 - La BioMARat\u00f3 a Catalunya\" \/>\n<meta property=\"og:description\" content=\"El concurs combinar\u00e0 esn\u00f2rquel i fotografia submarina per descobrir la riquesa natural de la platja, alhora que es participa en una competici\u00f3 amistosa. Aquesta experi\u00e8ncia educativa permetr\u00e0 als participants aprendre [&hellip;]\" \/>\n<meta property=\"og:url\" content=\"https:\/\/biomarato.org\/catalunya\/event\/esnorquel-a-barcelona-open-fotosub-2025\/\" \/>\n<meta property=\"og:site_name\" content=\"La BioMARat\u00f3 a Catalunya\" \/>\n<meta property=\"og:image\" content=\"https:\/\/biomarato.org\/catalunya\/wp-content\/uploads\/sites\/3\/2025\/06\/Captura-de-pantalla-2025-06-03-a-les-12.07.52.png\" \/>\n\t<meta property=\"og:image:width\" content=\"888\" \/>\n\t<meta property=\"og:image:height\" content=\"753\" \/>\n\t<meta property=\"og:image:type\" content=\"image\/png\" \/>\n<meta name=\"twitter:card\" content=\"summary_large_image\" \/>\n<meta name=\"twitter:label1\" content=\"Temps estimat de lectura\" \/>\n\t<meta name=\"twitter:data1\" content=\"1 minut\" \/>\n<script type=\"application\/ld+json\" class=\"yoast-schema-graph\">{\"@context\":\"https:\\\/\\\/schema.org\",\"@graph\":[{\"@type\":\"WebPage\",\"@id\":\"https:\\\/\\\/biomarato.org\\\/catalunya\\\/event\\\/esnorquel-a-barcelona-open-fotosub-2025\\\/\",\"url\":\"https:\\\/\\\/biomarato.org\\\/catalunya\\\/event\\\/esnorquel-a-barcelona-open-fotosub-2025\\\/\",\"name\":\"Esn\u00f2rquel a Barcelona: Open FotoSub 2025 - La BioMARat\u00f3 a Catalunya\",\"isPartOf\":{\"@id\":\"https:\\\/\\\/biomarato.org\\\/catalunya\\\/#website\"},\"primaryImageOfPage\":{\"@id\":\"https:\\\/\\\/biomarato.org\\\/catalunya\\\/event\\\/esnorquel-a-barcelona-open-fotosub-2025\\\/#primaryimage\"},\"image\":{\"@id\":\"https:\\\/\\\/biomarato.org\\\/catalunya\\\/event\\\/esnorquel-a-barcelona-open-fotosub-2025\\\/#primaryimage\"},\"thumbnailUrl\":\"https:\\\/\\\/biomarato.org\\\/catalunya\\\/wp-content\\\/uploads\\\/sites\\\/3\\\/2025\\\/06\\\/Captura-de-pantalla-2025-06-03-a-les-12.07.52.png\",\"datePublished\":\"2025-06-03T10:08:09+00:00\",\"breadcrumb\":{\"@id\":\"https:\\\/\\\/biomarato.org\\\/catalunya\\\/event\\\/esnorquel-a-barcelona-open-fotosub-2025\\\/#breadcrumb\"},\"inLanguage\":\"ca\",\"potentialAction\":[{\"@type\":\"ReadAction\",\"target\":[\"https:\\\/\\\/biomarato.org\\\/catalunya\\\/event\\\/esnorquel-a-barcelona-open-fotosub-2025\\\/\"]}]},{\"@type\":\"ImageObject\",\"inLanguage\":\"ca\",\"@id\":\"https:\\\/\\\/biomarato.org\\\/catalunya\\\/event\\\/esnorquel-a-barcelona-open-fotosub-2025\\\/#primaryimage\",\"url\":\"https:\\\/\\\/biomarato.org\\\/catalunya\\\/wp-content\\\/uploads\\\/sites\\\/3\\\/2025\\\/06\\\/Captura-de-pantalla-2025-06-03-a-les-12.07.52.png\",\"contentUrl\":\"https:\\\/\\\/biomarato.org\\\/catalunya\\\/wp-content\\\/uploads\\\/sites\\\/3\\\/2025\\\/06\\\/Captura-de-pantalla-2025-06-03-a-les-12.07.52.png\",\"width\":888,\"height\":753},{\"@type\":\"BreadcrumbList\",\"@id\":\"https:\\\/\\\/biomarato.org\\\/catalunya\\\/event\\\/esnorquel-a-barcelona-open-fotosub-2025\\\/#breadcrumb\",\"itemListElement\":[{\"@type\":\"ListItem\",\"position\":1,\"name\":\"Inici\",\"item\":\"https:\\\/\\\/biomarato.org\\\/catalunya\\\/\"},{\"@type\":\"ListItem\",\"position\":2,\"name\":\"Esdeveniments\",\"item\":\"https:\\\/\\\/biomarato.org\\\/catalunya\\\/events\\\/\"},{\"@type\":\"ListItem\",\"position\":3,\"name\":\"Esn\u00f2rquel a Barcelona: Open FotoSub 2025\"}]},{\"@type\":\"WebSite\",\"@id\":\"https:\\\/\\\/biomarato.org\\\/catalunya\\\/#website\",\"url\":\"https:\\\/\\\/biomarato.org\\\/catalunya\\\/\",\"name\":\"La BioMARat\u00f3 a Catalunya\",\"description\":\"Una iniciativa per descobrir la biodiversitat marina amb la ci\u00e8ncia ciutadana\",\"potentialAction\":[{\"@type\":\"SearchAction\",\"target\":{\"@type\":\"EntryPoint\",\"urlTemplate\":\"https:\\\/\\\/biomarato.org\\\/catalunya\\\/?s={search_term_string}\"},\"query-input\":{\"@type\":\"PropertyValueSpecification\",\"valueRequired\":true,\"valueName\":\"search_term_string\"}}],\"inLanguage\":\"ca\"}]}<\/script>\n<!-- \/ Yoast SEO plugin. -->","yoast_head_json":{"title":"Esn\u00f2rquel a Barcelona: Open FotoSub 2025 - La BioMARat\u00f3 a Catalunya","robots":{"index":"index","follow":"follow","max-snippet":"max-snippet:-1","max-image-preview":"max-image-preview:large","max-video-preview":"max-video-preview:-1"},"canonical":"https:\/\/biomarato.org\/catalunya\/event\/esnorquel-a-barcelona-open-fotosub-2025\/","og_locale":"ca_ES","og_type":"article","og_title":"Esn\u00f2rquel a Barcelona: Open FotoSub 2025 - La BioMARat\u00f3 a Catalunya","og_description":"El concurs combinar\u00e0 esn\u00f2rquel i fotografia submarina per descobrir la riquesa natural de la platja, alhora que es participa en una competici\u00f3 amistosa. Aquesta experi\u00e8ncia educativa permetr\u00e0 als participants aprendre [&hellip;]","og_url":"https:\/\/biomarato.org\/catalunya\/event\/esnorquel-a-barcelona-open-fotosub-2025\/","og_site_name":"La BioMARat\u00f3 a Catalunya","og_image":[{"width":888,"height":753,"url":"https:\/\/biomarato.org\/catalunya\/wp-content\/uploads\/sites\/3\/2025\/06\/Captura-de-pantalla-2025-06-03-a-les-12.07.52.png","type":"image\/png"}],"twitter_card":"summary_large_image","twitter_misc":{"Temps estimat de lectura":"1 minut"},"schema":{"@context":"https:\/\/schema.org","@graph":[{"@type":"WebPage","@id":"https:\/\/biomarato.org\/catalunya\/event\/esnorquel-a-barcelona-open-fotosub-2025\/","url":"https:\/\/biomarato.org\/catalunya\/event\/esnorquel-a-barcelona-open-fotosub-2025\/","name":"Esn\u00f2rquel a Barcelona: Open FotoSub 2025 - La BioMARat\u00f3 a Catalunya","isPartOf":{"@id":"https:\/\/biomarato.org\/catalunya\/#website"},"primaryImageOfPage":{"@id":"https:\/\/biomarato.org\/catalunya\/event\/esnorquel-a-barcelona-open-fotosub-2025\/#primaryimage"},"image":{"@id":"https:\/\/biomarato.org\/catalunya\/event\/esnorquel-a-barcelona-open-fotosub-2025\/#primaryimage"},"thumbnailUrl":"https:\/\/biomarato.org\/catalunya\/wp-content\/uploads\/sites\/3\/2025\/06\/Captura-de-pantalla-2025-06-03-a-les-12.07.52.png","datePublished":"2025-06-03T10:08:09+00:00","breadcrumb":{"@id":"https:\/\/biomarato.org\/catalunya\/event\/esnorquel-a-barcelona-open-fotosub-2025\/#breadcrumb"},"inLanguage":"ca","potentialAction":[{"@type":"ReadAction","target":["https:\/\/biomarato.org\/catalunya\/event\/esnorquel-a-barcelona-open-fotosub-2025\/"]}]},{"@type":"ImageObject","inLanguage":"ca","@id":"https:\/\/biomarato.org\/catalunya\/event\/esnorquel-a-barcelona-open-fotosub-2025\/#primaryimage","url":"https:\/\/biomarato.org\/catalunya\/wp-content\/uploads\/sites\/3\/2025\/06\/Captura-de-pantalla-2025-06-03-a-les-12.07.52.png","contentUrl":"https:\/\/biomarato.org\/catalunya\/wp-content\/uploads\/sites\/3\/2025\/06\/Captura-de-pantalla-2025-06-03-a-les-12.07.52.png","width":888,"height":753},{"@type":"BreadcrumbList","@id":"https:\/\/biomarato.org\/catalunya\/event\/esnorquel-a-barcelona-open-fotosub-2025\/#breadcrumb","itemListElement":[{"@type":"ListItem","position":1,"name":"Inici","item":"https:\/\/biomarato.org\/catalunya\/"},{"@type":"ListItem","position":2,"name":"Esdeveniments","item":"https:\/\/biomarato.org\/catalunya\/events\/"},{"@type":"ListItem","position":3,"name":"Esn\u00f2rquel a Barcelona: Open FotoSub 2025"}]},{"@type":"WebSite","@id":"https:\/\/biomarato.org\/catalunya\/#website","url":"https:\/\/biomarato.org\/catalunya\/","name":"La BioMARat\u00f3 a Catalunya","description":"Una iniciativa per descobrir la biodiversitat marina amb la ci\u00e8ncia ciutadana","potentialAction":[{"@type":"SearchAction","target":{"@type":"EntryPoint","urlTemplate":"https:\/\/biomarato.org\/catalunya\/?s={search_term_string}"},"query-input":{"@type":"PropertyValueSpecification","valueRequired":true,"valueName":"search_term_string"}}],"inLanguage":"ca"}]}},"_links":{"self":[{"href":"https:\/\/biomarato.org\/catalunya\/wp-json\/wp\/v2\/tribe_events\/1212","targetHints":{"allow":["GET"]}}],"collection":[{"href":"https:\/\/biomarato.org\/catalunya\/wp-json\/wp\/v2\/tribe_events"}],"about":[{"href":"https:\/\/biomarato.org\/catalunya\/wp-json\/wp\/v2\/types\/tribe_events"}],"author":[{"embeddable":true,"href":"https:\/\/biomarato.org\/catalunya\/wp-json\/wp\/v2\/users\/3"}],"version-history":[{"count":1,"href":"https:\/\/biomarato.org\/catalunya\/wp-json\/wp\/v2\/tribe_events\/1212\/revisions"}],"predecessor-version":[{"id":1216,"href":"https:\/\/biomarato.org\/catalunya\/wp-json\/wp\/v2\/tribe_events\/1212\/revisions\/1216"}],"wp:featuredmedia":[{"embeddable":true,"href":"https:\/\/biomarato.org\/catalunya\/wp-json\/wp\/v2\/media\/1213"}],"wp:attachment":[{"href":"https:\/\/biomarato.org\/catalunya\/wp-json\/wp\/v2\/media?parent=1212"}],"wp:term":[{"taxonomy":"post_tag","embeddable":true,"href":"https:\/\/biomarato.org\/catalunya\/wp-json\/wp\/v2\/tags?post=1212"},{"taxonomy":"tribe_events_cat","embeddable":true,"href":"https:\/\/biomarato.org\/catalunya\/wp-json\/wp\/v2\/tribe_events_cat?post=1212"}],"curies":[{"name":"wp","href":"https:\/\/api.w.org\/{rel}","templated":true}]}}

Esnòrquel a Barcelona: Open FotoSub 2025

<p>El concurs combinarà esnòrquel i fotografia submarina per descobrir la riquesa natural de la platja, alhora que es participa en una competició amistosa. Aquesta experiència educativa permetrà als participants aprendre sobre les espècies marines del litoral barceloní, mentre gaudeixen d’una activitat esportiva i d’oci. A més, es promourà una pràctica segura d’immersió i s’ensenyaran tècniques per capturar imatges d’espècies sota l’aigua.</p>
<p>Podran participar persones a partir de 12 anys que siguin residents legals a Espanya.</p>
<p>L’objectiu principal de la competició és fomentar la participació amateur, per la qual cosa queden exclosos del concurs els membres de l’organització, els membres del jurat i/o familiars, així com patrocinadors i col·laboradors directes.</p>
<p>Les observacions fetes durant aquesta activitat es penjaran a la plataforma MINKA i estaran contribuint a la BioMARató Catalunya, un esdeveniment de ciència ciutadana que busca registrar la biodiversitat del litoral de Catalunya entre maig i octubre.</p>

<p>El concurs combinarà esnòrquel i fotografia submarina per descobrir la riquesa natural de la platja, alhora que es participa en una competició amistosa. Aquesta experiència educativa permetrà als participants aprendre [&hellip;]</p>

<!-- This site is optimized with the Yoast SEO plugin v27.5 - https://yoast.com/product/yoast-seo-wordpress/ -->
<title>Esnòrquel a Barcelona: Open FotoSub 2025 - La BioMARató a Catalunya</title>
<meta name="robots" content="index, follow, max-snippet:-1, max-image-preview:large, max-video-preview:-1" />
<link rel="canonical" href="https://biomarato.org/catalunya/event/esnorquel-a-barcelona-open-fotosub-2025/" />
<meta property="og:locale" content="ca_ES" />
<meta property="og:type" content="article" />
<meta property="og:title" content="Esnòrquel a Barcelona: Open FotoSub 2025 - La BioMARató a Catalunya" />
<meta property="og:description" content="El concurs combinarà esnòrquel i fotografia submarina per descobrir la riquesa natural de la platja, alhora que es participa en una competició amistosa. Aquesta experiència educativa permetrà als participants aprendre [&hellip;]" />
<meta property="og:url" content="https://biomarato.org/catalunya/event/esnorquel-a-barcelona-open-fotosub-2025/" />
<meta property="og:site_name" content="La BioMARató a Catalunya" />
<meta property="og:image" content="https://biomarato.org/catalunya/wp-content/uploads/sites/3/2025/06/Captura-de-pantalla-2025-06-03-a-les-12.07.52.png" />
	<meta property="og:image:width" content="888" />
	<meta property="og:image:height" content="753" />
	<meta property="og:image:type" content="image/png" />
<meta name="twitter:card" content="summary_large_image" />
<meta name="twitter:label1" content="Temps estimat de lectura" />
	<meta name="twitter:data1" content="1 minut" />
<script type="application/ld+json" class="yoast-schema-graph">{"@context":"https:\/\/schema.org","@graph":[{"@type":"WebPage","@id":"https:\/\/biomarato.org\/catalunya\/event\/esnorquel-a-barcelona-open-fotosub-2025\/","url":"https:\/\/biomarato.org\/catalunya\/event\/esnorquel-a-barcelona-open-fotosub-2025\/","name":"Esnòrquel a Barcelona: Open FotoSub 2025 - La BioMARató a Catalunya","isPartOf":{"@id":"https:\/\/biomarato.org\/catalunya\/#website"},"primaryImageOfPage":{"@id":"https:\/\/biomarato.org\/catalunya\/event\/esnorquel-a-barcelona-open-fotosub-2025\/#primaryimage"},"image":{"@id":"https:\/\/biomarato.org\/catalunya\/event\/esnorquel-a-barcelona-open-fotosub-2025\/#primaryimage"},"thumbnailUrl":"https:\/\/biomarato.org\/catalunya\/wp-content\/uploads\/sites\/3\/2025\/06\/Captura-de-pantalla-2025-06-03-a-les-12.07.52.png","datePublished":"2025-06-03T10:08:09+00:00","breadcrumb":{"@id":"https:\/\/biomarato.org\/catalunya\/event\/esnorquel-a-barcelona-open-fotosub-2025\/#breadcrumb"},"inLanguage":"ca","potentialAction":[{"@type":"ReadAction","target":["https:\/\/biomarato.org\/catalunya\/event\/esnorquel-a-barcelona-open-fotosub-2025\/"]}]},{"@type":"ImageObject","inLanguage":"ca","@id":"https:\/\/biomarato.org\/catalunya\/event\/esnorquel-a-barcelona-open-fotosub-2025\/#primaryimage","url":"https:\/\/biomarato.org\/catalunya\/wp-content\/uploads\/sites\/3\/2025\/06\/Captura-de-pantalla-2025-06-03-a-les-12.07.52.png","contentUrl":"https:\/\/biomarato.org\/catalunya\/wp-content\/uploads\/sites\/3\/2025\/06\/Captura-de-pantalla-2025-06-03-a-les-12.07.52.png","width":888,"height":753},{"@type":"BreadcrumbList","@id":"https:\/\/biomarato.org\/catalunya\/event\/esnorquel-a-barcelona-open-fotosub-2025\/#breadcrumb","itemListElement":[{"@type":"ListItem","position":1,"name":"Inici","item":"https:\/\/biomarato.org\/catalunya\/"},{"@type":"ListItem","position":2,"name":"Esdeveniments","item":"https:\/\/biomarato.org\/catalunya\/events\/"},{"@type":"ListItem","position":3,"name":"Esnòrquel a Barcelona: Open FotoSub 2025"}]},{"@type":"WebSite","@id":"https:\/\/biomarato.org\/catalunya\/#website","url":"https:\/\/biomarato.org\/catalunya\/","name":"La BioMARató a Catalunya","description":"Una iniciativa per descobrir la biodiversitat marina amb la ciència ciutadana","potentialAction":[{"@type":"SearchAction","target":{"@type":"EntryPoint","urlTemplate":"https:\/\/biomarato.org\/catalunya\/?s={search_term_string}"},"query-input":{"@type":"PropertyValueSpecification","valueRequired":true,"valueName":"search_term_string"}}],"inLanguage":"ca"}]}</script>
<!-- / Yoast SEO plugin. -->

Esnòrquel a Barcelona: Open FotoSub 2025 - La BioMARató a Catalunya

El concurs combinarà esnòrquel i fotografia submarina per descobrir la riquesa natural de la platja, alhora que es participa en una competició amistosa. Aquesta experiència educativa permetrà als participants aprendre [&hellip;]

La BioMARató a Catalunya

Una iniciativa per descobrir la biodiversitat marina amb la ciència ciutadana
