{"id":765,"date":"2025-03-27T17:35:40","date_gmt":"2025-03-27T15:35:40","guid":{"rendered":"https:\/\/biomarato.org\/catalunya\/?post_type=tribe_events&#038;p=765"},"modified":"2025-04-04T10:08:26","modified_gmt":"2025-04-04T08:08:26","slug":"esnorquel-a-lametlla-de-mar-2","status":"publish","type":"tribe_events","link":"https:\/\/biomarato.org\/catalunya\/event\/esnorquel-a-lametlla-de-mar-2\/","title":{"rendered":"Esn\u00f2rquel a l&#8217;Ametlla de Mar"},"content":{"rendered":"<p><strong>Sortida d\u2019esn\u00f2rquel a l\u2019Ametlla de Mar \u2013 Descobreix la biodiversitat marina!<\/strong><\/p>\n<p>Incloem un seminari de biologia marina per con\u00e8ixer l\u2019ecosistema i les esp\u00e8cies locals. Les nostres guies cient\u00edfiques t\u2019ensenyaran a identificar la vida marina i, en acabar, podr\u00e0s consultar guies i p\u00f2sters d\u2019esp\u00e8cies.<\/p>\n<p>Podr\u00e0s fotografiar les esp\u00e8cies que vegis i despr\u00e9s pujar-les a la plataforma MINKA.<\/p>\n<p>El preu inclou lloguer de material i c\u00e0mera subaqu\u00e0tica compacta.<\/p>\n","protected":false},"excerpt":{"rendered":"<p>Sortida d\u2019esn\u00f2rquel a l\u2019Ametlla de Mar \u2013 Descobreix la biodiversitat marina! Incloem un seminari de biologia marina per con\u00e8ixer l\u2019ecosistema i les esp\u00e8cies locals. Les nostres guies cient\u00edfiques t\u2019ensenyaran a [&hellip;]<\/p>\n","protected":false},"author":3,"featured_media":769,"template":"","meta":{"_acf_changed":false,"_et_pb_use_builder":"","_et_pb_old_content":"","_et_gb_content_width":"","_tribe_events_status":"","_tribe_events_status_reason":"","footnotes":""},"tags":[],"tribe_events_cat":[25],"class_list":["post-765","tribe_events","type-tribe_events","status-publish","has-post-thumbnail","hentry","tribe_events_cat-tarragona","cat_tarragona"],"acf":[],"yoast_head":"<!-- This site is optimized with the Yoast SEO plugin v27.5 - https:\/\/yoast.com\/product\/yoast-seo-wordpress\/ -->\n<title>Esn\u00f2rquel a l&#039;Ametlla de Mar - La BioMARat\u00f3 a Catalunya<\/title>\n<meta name=\"robots\" content=\"index, follow, max-snippet:-1, max-image-preview:large, max-video-preview:-1\" \/>\n<link rel=\"canonical\" href=\"https:\/\/biomarato.org\/catalunya\/event\/esnorquel-a-lametlla-de-mar-2\/\" \/>\n<meta property=\"og:locale\" content=\"ca_ES\" \/>\n<meta property=\"og:type\" content=\"article\" \/>\n<meta property=\"og:title\" content=\"Esn\u00f2rquel a l&#039;Ametlla de Mar - La BioMARat\u00f3 a Catalunya\" \/>\n<meta property=\"og:description\" content=\"Sortida d\u2019esn\u00f2rquel a l\u2019Ametlla de Mar \u2013 Descobreix la biodiversitat marina! Incloem un seminari de biologia marina per con\u00e8ixer l\u2019ecosistema i les esp\u00e8cies locals. Les nostres guies cient\u00edfiques t\u2019ensenyaran a [&hellip;]\" \/>\n<meta property=\"og:url\" content=\"https:\/\/biomarato.org\/catalunya\/event\/esnorquel-a-lametlla-de-mar-2\/\" \/>\n<meta property=\"og:site_name\" content=\"La BioMARat\u00f3 a Catalunya\" \/>\n<meta property=\"article:modified_time\" content=\"2025-04-04T08:08:26+00:00\" \/>\n<meta property=\"og:image\" content=\"https:\/\/biomarato.org\/catalunya\/wp-content\/uploads\/sites\/3\/2025\/03\/Captura-de-pantalla-2025-03-27-a-les-16.37.17.png\" \/>\n\t<meta property=\"og:image:width\" content=\"909\" \/>\n\t<meta property=\"og:image:height\" content=\"682\" \/>\n\t<meta property=\"og:image:type\" content=\"image\/png\" \/>\n<meta name=\"twitter:card\" content=\"summary_large_image\" \/>\n<meta name=\"twitter:label1\" content=\"Temps estimat de lectura\" \/>\n\t<meta name=\"twitter:data1\" content=\"1 minut\" \/>\n<script type=\"application\/ld+json\" class=\"yoast-schema-graph\">{\"@context\":\"https:\\\/\\\/schema.org\",\"@graph\":[{\"@type\":\"WebPage\",\"@id\":\"https:\\\/\\\/biomarato.org\\\/catalunya\\\/event\\\/esnorquel-a-lametlla-de-mar-2\\\/\",\"url\":\"https:\\\/\\\/biomarato.org\\\/catalunya\\\/event\\\/esnorquel-a-lametlla-de-mar-2\\\/\",\"name\":\"Esn\u00f2rquel a l'Ametlla de Mar - La BioMARat\u00f3 a Catalunya\",\"isPartOf\":{\"@id\":\"https:\\\/\\\/biomarato.org\\\/catalunya\\\/#website\"},\"primaryImageOfPage\":{\"@id\":\"https:\\\/\\\/biomarato.org\\\/catalunya\\\/event\\\/esnorquel-a-lametlla-de-mar-2\\\/#primaryimage\"},\"image\":{\"@id\":\"https:\\\/\\\/biomarato.org\\\/catalunya\\\/event\\\/esnorquel-a-lametlla-de-mar-2\\\/#primaryimage\"},\"thumbnailUrl\":\"https:\\\/\\\/biomarato.org\\\/catalunya\\\/wp-content\\\/uploads\\\/sites\\\/3\\\/2025\\\/03\\\/Captura-de-pantalla-2025-03-27-a-les-16.37.17.png\",\"datePublished\":\"2025-03-27T15:35:40+00:00\",\"dateModified\":\"2025-04-04T08:08:26+00:00\",\"breadcrumb\":{\"@id\":\"https:\\\/\\\/biomarato.org\\\/catalunya\\\/event\\\/esnorquel-a-lametlla-de-mar-2\\\/#breadcrumb\"},\"inLanguage\":\"ca\",\"potentialAction\":[{\"@type\":\"ReadAction\",\"target\":[\"https:\\\/\\\/biomarato.org\\\/catalunya\\\/event\\\/esnorquel-a-lametlla-de-mar-2\\\/\"]}]},{\"@type\":\"ImageObject\",\"inLanguage\":\"ca\",\"@id\":\"https:\\\/\\\/biomarato.org\\\/catalunya\\\/event\\\/esnorquel-a-lametlla-de-mar-2\\\/#primaryimage\",\"url\":\"https:\\\/\\\/biomarato.org\\\/catalunya\\\/wp-content\\\/uploads\\\/sites\\\/3\\\/2025\\\/03\\\/Captura-de-pantalla-2025-03-27-a-les-16.37.17.png\",\"contentUrl\":\"https:\\\/\\\/biomarato.org\\\/catalunya\\\/wp-content\\\/uploads\\\/sites\\\/3\\\/2025\\\/03\\\/Captura-de-pantalla-2025-03-27-a-les-16.37.17.png\",\"width\":909,\"height\":682},{\"@type\":\"BreadcrumbList\",\"@id\":\"https:\\\/\\\/biomarato.org\\\/catalunya\\\/event\\\/esnorquel-a-lametlla-de-mar-2\\\/#breadcrumb\",\"itemListElement\":[{\"@type\":\"ListItem\",\"position\":1,\"name\":\"Inici\",\"item\":\"https:\\\/\\\/biomarato.org\\\/catalunya\\\/\"},{\"@type\":\"ListItem\",\"position\":2,\"name\":\"Esdeveniments\",\"item\":\"https:\\\/\\\/biomarato.org\\\/catalunya\\\/events\\\/\"},{\"@type\":\"ListItem\",\"position\":3,\"name\":\"Esn\u00f2rquel a l&#8217;Ametlla de Mar\"}]},{\"@type\":\"WebSite\",\"@id\":\"https:\\\/\\\/biomarato.org\\\/catalunya\\\/#website\",\"url\":\"https:\\\/\\\/biomarato.org\\\/catalunya\\\/\",\"name\":\"La BioMARat\u00f3 a Catalunya\",\"description\":\"Una iniciativa per descobrir la biodiversitat marina amb la ci\u00e8ncia ciutadana\",\"potentialAction\":[{\"@type\":\"SearchAction\",\"target\":{\"@type\":\"EntryPoint\",\"urlTemplate\":\"https:\\\/\\\/biomarato.org\\\/catalunya\\\/?s={search_term_string}\"},\"query-input\":{\"@type\":\"PropertyValueSpecification\",\"valueRequired\":true,\"valueName\":\"search_term_string\"}}],\"inLanguage\":\"ca\"}]}<\/script>\n<!-- \/ Yoast SEO plugin. -->","yoast_head_json":{"title":"Esn\u00f2rquel a l'Ametlla de Mar - La BioMARat\u00f3 a Catalunya","robots":{"index":"index","follow":"follow","max-snippet":"max-snippet:-1","max-image-preview":"max-image-preview:large","max-video-preview":"max-video-preview:-1"},"canonical":"https:\/\/biomarato.org\/catalunya\/event\/esnorquel-a-lametlla-de-mar-2\/","og_locale":"ca_ES","og_type":"article","og_title":"Esn\u00f2rquel a l'Ametlla de Mar - La BioMARat\u00f3 a Catalunya","og_description":"Sortida d\u2019esn\u00f2rquel a l\u2019Ametlla de Mar \u2013 Descobreix la biodiversitat marina! Incloem un seminari de biologia marina per con\u00e8ixer l\u2019ecosistema i les esp\u00e8cies locals. Les nostres guies cient\u00edfiques t\u2019ensenyaran a [&hellip;]","og_url":"https:\/\/biomarato.org\/catalunya\/event\/esnorquel-a-lametlla-de-mar-2\/","og_site_name":"La BioMARat\u00f3 a Catalunya","article_modified_time":"2025-04-04T08:08:26+00:00","og_image":[{"width":909,"height":682,"url":"https:\/\/biomarato.org\/catalunya\/wp-content\/uploads\/sites\/3\/2025\/03\/Captura-de-pantalla-2025-03-27-a-les-16.37.17.png","type":"image\/png"}],"twitter_card":"summary_large_image","twitter_misc":{"Temps estimat de lectura":"1 minut"},"schema":{"@context":"https:\/\/schema.org","@graph":[{"@type":"WebPage","@id":"https:\/\/biomarato.org\/catalunya\/event\/esnorquel-a-lametlla-de-mar-2\/","url":"https:\/\/biomarato.org\/catalunya\/event\/esnorquel-a-lametlla-de-mar-2\/","name":"Esn\u00f2rquel a l'Ametlla de Mar - La BioMARat\u00f3 a Catalunya","isPartOf":{"@id":"https:\/\/biomarato.org\/catalunya\/#website"},"primaryImageOfPage":{"@id":"https:\/\/biomarato.org\/catalunya\/event\/esnorquel-a-lametlla-de-mar-2\/#primaryimage"},"image":{"@id":"https:\/\/biomarato.org\/catalunya\/event\/esnorquel-a-lametlla-de-mar-2\/#primaryimage"},"thumbnailUrl":"https:\/\/biomarato.org\/catalunya\/wp-content\/uploads\/sites\/3\/2025\/03\/Captura-de-pantalla-2025-03-27-a-les-16.37.17.png","datePublished":"2025-03-27T15:35:40+00:00","dateModified":"2025-04-04T08:08:26+00:00","breadcrumb":{"@id":"https:\/\/biomarato.org\/catalunya\/event\/esnorquel-a-lametlla-de-mar-2\/#breadcrumb"},"inLanguage":"ca","potentialAction":[{"@type":"ReadAction","target":["https:\/\/biomarato.org\/catalunya\/event\/esnorquel-a-lametlla-de-mar-2\/"]}]},{"@type":"ImageObject","inLanguage":"ca","@id":"https:\/\/biomarato.org\/catalunya\/event\/esnorquel-a-lametlla-de-mar-2\/#primaryimage","url":"https:\/\/biomarato.org\/catalunya\/wp-content\/uploads\/sites\/3\/2025\/03\/Captura-de-pantalla-2025-03-27-a-les-16.37.17.png","contentUrl":"https:\/\/biomarato.org\/catalunya\/wp-content\/uploads\/sites\/3\/2025\/03\/Captura-de-pantalla-2025-03-27-a-les-16.37.17.png","width":909,"height":682},{"@type":"BreadcrumbList","@id":"https:\/\/biomarato.org\/catalunya\/event\/esnorquel-a-lametlla-de-mar-2\/#breadcrumb","itemListElement":[{"@type":"ListItem","position":1,"name":"Inici","item":"https:\/\/biomarato.org\/catalunya\/"},{"@type":"ListItem","position":2,"name":"Esdeveniments","item":"https:\/\/biomarato.org\/catalunya\/events\/"},{"@type":"ListItem","position":3,"name":"Esn\u00f2rquel a l&#8217;Ametlla de Mar"}]},{"@type":"WebSite","@id":"https:\/\/biomarato.org\/catalunya\/#website","url":"https:\/\/biomarato.org\/catalunya\/","name":"La BioMARat\u00f3 a Catalunya","description":"Una iniciativa per descobrir la biodiversitat marina amb la ci\u00e8ncia ciutadana","potentialAction":[{"@type":"SearchAction","target":{"@type":"EntryPoint","urlTemplate":"https:\/\/biomarato.org\/catalunya\/?s={search_term_string}"},"query-input":{"@type":"PropertyValueSpecification","valueRequired":true,"valueName":"search_term_string"}}],"inLanguage":"ca"}]}},"_links":{"self":[{"href":"https:\/\/biomarato.org\/catalunya\/wp-json\/wp\/v2\/tribe_events\/765","targetHints":{"allow":["GET"]}}],"collection":[{"href":"https:\/\/biomarato.org\/catalunya\/wp-json\/wp\/v2\/tribe_events"}],"about":[{"href":"https:\/\/biomarato.org\/catalunya\/wp-json\/wp\/v2\/types\/tribe_events"}],"author":[{"embeddable":true,"href":"https:\/\/biomarato.org\/catalunya\/wp-json\/wp\/v2\/users\/3"}],"version-history":[{"count":3,"href":"https:\/\/biomarato.org\/catalunya\/wp-json\/wp\/v2\/tribe_events\/765\/revisions"}],"predecessor-version":[{"id":800,"href":"https:\/\/biomarato.org\/catalunya\/wp-json\/wp\/v2\/tribe_events\/765\/revisions\/800"}],"wp:featuredmedia":[{"embeddable":true,"href":"https:\/\/biomarato.org\/catalunya\/wp-json\/wp\/v2\/media\/769"}],"wp:attachment":[{"href":"https:\/\/biomarato.org\/catalunya\/wp-json\/wp\/v2\/media?parent=765"}],"wp:term":[{"taxonomy":"post_tag","embeddable":true,"href":"https:\/\/biomarato.org\/catalunya\/wp-json\/wp\/v2\/tags?post=765"},{"taxonomy":"tribe_events_cat","embeddable":true,"href":"https:\/\/biomarato.org\/catalunya\/wp-json\/wp\/v2\/tribe_events_cat?post=765"}],"curies":[{"name":"wp","href":"https:\/\/api.w.org\/{rel}","templated":true}]}}

Esnòrquel a l&#8217;Ametlla de Mar

<p><strong>Sortida d’esnòrquel a l’Ametlla de Mar – Descobreix la biodiversitat marina!</strong></p>
<p>Incloem un seminari de biologia marina per conèixer l’ecosistema i les espècies locals. Les nostres guies científiques t’ensenyaran a identificar la vida marina i, en acabar, podràs consultar guies i pòsters d’espècies.</p>
<p>Podràs fotografiar les espècies que vegis i després pujar-les a la plataforma MINKA.</p>
<p>El preu inclou lloguer de material i càmera subaquàtica compacta.</p>

<p>Sortida d’esnòrquel a l’Ametlla de Mar – Descobreix la biodiversitat marina! Incloem un seminari de biologia marina per conèixer l’ecosistema i les espècies locals. Les nostres guies científiques t’ensenyaran a [&hellip;]</p>

<!-- This site is optimized with the Yoast SEO plugin v27.5 - https://yoast.com/product/yoast-seo-wordpress/ -->
<title>Esnòrquel a l&#039;Ametlla de Mar - La BioMARató a Catalunya</title>
<meta name="robots" content="index, follow, max-snippet:-1, max-image-preview:large, max-video-preview:-1" />
<link rel="canonical" href="https://biomarato.org/catalunya/event/esnorquel-a-lametlla-de-mar-2/" />
<meta property="og:locale" content="ca_ES" />
<meta property="og:type" content="article" />
<meta property="og:title" content="Esnòrquel a l&#039;Ametlla de Mar - La BioMARató a Catalunya" />
<meta property="og:description" content="Sortida d’esnòrquel a l’Ametlla de Mar – Descobreix la biodiversitat marina! Incloem un seminari de biologia marina per conèixer l’ecosistema i les espècies locals. Les nostres guies científiques t’ensenyaran a [&hellip;]" />
<meta property="og:url" content="https://biomarato.org/catalunya/event/esnorquel-a-lametlla-de-mar-2/" />
<meta property="og:site_name" content="La BioMARató a Catalunya" />
<meta property="article:modified_time" content="2025-04-04T08:08:26+00:00" />
<meta property="og:image" content="https://biomarato.org/catalunya/wp-content/uploads/sites/3/2025/03/Captura-de-pantalla-2025-03-27-a-les-16.37.17.png" />
	<meta property="og:image:width" content="909" />
	<meta property="og:image:height" content="682" />
	<meta property="og:image:type" content="image/png" />
<meta name="twitter:card" content="summary_large_image" />
<meta name="twitter:label1" content="Temps estimat de lectura" />
	<meta name="twitter:data1" content="1 minut" />
<script type="application/ld+json" class="yoast-schema-graph">{"@context":"https:\/\/schema.org","@graph":[{"@type":"WebPage","@id":"https:\/\/biomarato.org\/catalunya\/event\/esnorquel-a-lametlla-de-mar-2\/","url":"https:\/\/biomarato.org\/catalunya\/event\/esnorquel-a-lametlla-de-mar-2\/","name":"Esnòrquel a l'Ametlla de Mar - La BioMARató a Catalunya","isPartOf":{"@id":"https:\/\/biomarato.org\/catalunya\/#website"},"primaryImageOfPage":{"@id":"https:\/\/biomarato.org\/catalunya\/event\/esnorquel-a-lametlla-de-mar-2\/#primaryimage"},"image":{"@id":"https:\/\/biomarato.org\/catalunya\/event\/esnorquel-a-lametlla-de-mar-2\/#primaryimage"},"thumbnailUrl":"https:\/\/biomarato.org\/catalunya\/wp-content\/uploads\/sites\/3\/2025\/03\/Captura-de-pantalla-2025-03-27-a-les-16.37.17.png","datePublished":"2025-03-27T15:35:40+00:00","dateModified":"2025-04-04T08:08:26+00:00","breadcrumb":{"@id":"https:\/\/biomarato.org\/catalunya\/event\/esnorquel-a-lametlla-de-mar-2\/#breadcrumb"},"inLanguage":"ca","potentialAction":[{"@type":"ReadAction","target":["https:\/\/biomarato.org\/catalunya\/event\/esnorquel-a-lametlla-de-mar-2\/"]}]},{"@type":"ImageObject","inLanguage":"ca","@id":"https:\/\/biomarato.org\/catalunya\/event\/esnorquel-a-lametlla-de-mar-2\/#primaryimage","url":"https:\/\/biomarato.org\/catalunya\/wp-content\/uploads\/sites\/3\/2025\/03\/Captura-de-pantalla-2025-03-27-a-les-16.37.17.png","contentUrl":"https:\/\/biomarato.org\/catalunya\/wp-content\/uploads\/sites\/3\/2025\/03\/Captura-de-pantalla-2025-03-27-a-les-16.37.17.png","width":909,"height":682},{"@type":"BreadcrumbList","@id":"https:\/\/biomarato.org\/catalunya\/event\/esnorquel-a-lametlla-de-mar-2\/#breadcrumb","itemListElement":[{"@type":"ListItem","position":1,"name":"Inici","item":"https:\/\/biomarato.org\/catalunya\/"},{"@type":"ListItem","position":2,"name":"Esdeveniments","item":"https:\/\/biomarato.org\/catalunya\/events\/"},{"@type":"ListItem","position":3,"name":"Esnòrquel a l&#8217;Ametlla de Mar"}]},{"@type":"WebSite","@id":"https:\/\/biomarato.org\/catalunya\/#website","url":"https:\/\/biomarato.org\/catalunya\/","name":"La BioMARató a Catalunya","description":"Una iniciativa per descobrir la biodiversitat marina amb la ciència ciutadana","potentialAction":[{"@type":"SearchAction","target":{"@type":"EntryPoint","urlTemplate":"https:\/\/biomarato.org\/catalunya\/?s={search_term_string}"},"query-input":{"@type":"PropertyValueSpecification","valueRequired":true,"valueName":"search_term_string"}}],"inLanguage":"ca"}]}</script>
<!-- / Yoast SEO plugin. -->

Esnòrquel a l'Ametlla de Mar - La BioMARató a Catalunya

Sortida d’esnòrquel a l’Ametlla de Mar – Descobreix la biodiversitat marina! Incloem un seminari de biologia marina per conèixer l’ecosistema i les espècies locals. Les nostres guies científiques t’ensenyaran a [&hellip;]

La BioMARató a Catalunya

Una iniciativa per descobrir la biodiversitat marina amb la ciència ciutadana
