{"id":1025,"date":"2024-12-05T17:55:11","date_gmt":"2024-12-05T15:55:11","guid":{"rendered":"https:\/\/biomarato.org\/portugal\/collaborating-network\/"},"modified":"2026-02-18T11:58:30","modified_gmt":"2026-02-18T09:58:30","slug":"rede-de-colaboracao","status":"publish","type":"page","link":"https:\/\/biomarato.org\/portugal\/rede-de-colaboracao\/","title":{"rendered":"Rede de colabora\u00e7\u00e3o"},"content":{"rendered":"<p>[et_pb_section fb_built=&#8221;1&#8243; custom_padding_last_edited=&#8221;on|phone&#8221; _builder_version=&#8221;4.27.4&#8243; _module_preset=&#8221;_initial&#8221; background_color=&#8221;#F5FFFE&#8221; custom_padding=&#8221;6em||0px||false|false&#8221; custom_padding_tablet=&#8221;3em||3em||true|false&#8221; custom_padding_phone=&#8221;2em||2em||true|false&#8221; locked=&#8221;off&#8221; global_colors_info=&#8221;{}&#8221;][et_pb_row column_structure=&#8221;1_2,1_2&#8243; make_equal=&#8221;on&#8221; module_class=&#8221;align-center  row-to-col-tablet&#8221; _builder_version=&#8221;4.27.4&#8243; _module_preset=&#8221;_initial&#8221; global_colors_info=&#8221;{}&#8221; custom_css_main_element_last_edited=&#8221;on|tablet&#8221; custom_css_main_element_tablet=&#8221;img {||  width: revert-layer !important||}&#8221; custom_css_main_element_phone=&#8221;img {||  width: revert-layer !important||}&#8221;][et_pb_column type=&#8221;1_2&#8243; _builder_version=&#8221;4.27.2&#8243; _module_preset=&#8221;default&#8221; global_colors_info=&#8221;{}&#8221;][et_pb_text _builder_version=&#8221;4.27.4&#8243; _module_preset=&#8221;_initial&#8221; header_font=&#8221;|800|||||||&#8221; header_text_color=&#8221;#046A83&#8243; header_font_size=&#8221;50px&#8221; header_2_font=&#8221;||||||||&#8221; header_2_text_color=&#8221;#046A83&#8243; header_2_font_size=&#8221;50px&#8221; custom_margin=&#8221;||17px|||&#8221; global_colors_info=&#8221;{}&#8221;]<\/p>\n<h1>Rede de colabora\u00e7\u00e3o<\/h1>\n<p>[\/et_pb_text][et_pb_text _builder_version=&#8221;4.27.4&#8243; _module_preset=&#8221;_initial&#8221; custom_margin_tablet=&#8221;||32px||false|false&#8221; custom_margin_phone=&#8221;||32px||false|false&#8221; custom_margin_last_edited=&#8221;on|tablet&#8221; global_colors_info=&#8221;{}&#8221;]<\/p>\n<p><span style=\"font-weight: 400\">As entidades colaboradoras e mobilizadoras desempenham um papel fundamental no sucesso da BioMARatona<\/span><\/p>\n<p>[\/et_pb_text][\/et_pb_column][et_pb_column type=&#8221;1_2&#8243; _builder_version=&#8221;4.27.4&#8243; _module_preset=&#8221;default&#8221; custom_padding_tablet=&#8221;|16px||16px|false|true&#8221; custom_padding_phone=&#8221;|16px||16px|false|true&#8221; custom_padding_last_edited=&#8221;on|phone&#8221; global_colors_info=&#8221;{}&#8221;][\/et_pb_column][\/et_pb_row][\/et_pb_section][et_pb_section fb_built=&#8221;1&#8243; module_class=&#8221;entitats&#8221; _builder_version=&#8221;4.27.4&#8243; _module_preset=&#8221;_initial&#8221; background_color=&#8221;#F5FFFE&#8221; use_background_color_gradient=&#8221;on&#8221; background_color_gradient_stops=&#8221;#dff6f4 0%|#f5fffe 100%&#8221; custom_margin=&#8221;0em||||false|false&#8221; custom_padding=&#8221;12em||92px||false|false&#8221; top_divider_style=&#8221;waves&#8221; top_divider_color=&#8221;#F5FFFE&#8221; global_colors_info=&#8221;{}&#8221;][et_pb_row column_structure=&#8221;1_2,1_2&#8243; _builder_version=&#8221;4.27.2&#8243; _module_preset=&#8221;_initial&#8221; global_colors_info=&#8221;{}&#8221;][et_pb_column type=&#8221;1_2&#8243; _builder_version=&#8221;4.27.2&#8243; _module_preset=&#8221;default&#8221; global_colors_info=&#8221;{}&#8221;][et_pb_text _builder_version=&#8221;4.27.4&#8243; _module_preset=&#8221;_initial&#8221; header_font=&#8221;||||||||&#8221; header_text_color=&#8221;#046A83&#8243; header_font_size=&#8221;50px&#8221; header_2_font=&#8221;||||||||&#8221; header_2_text_color=&#8221;#046A83&#8243; header_2_font_size=&#8221;46px&#8221; custom_margin=&#8221;||1rem||false|false&#8221; custom_padding=&#8221;||0px||false|false&#8221; header_2_font_size_tablet=&#8221;46px&#8221; header_2_font_size_phone=&#8221;34px&#8221; header_2_font_size_last_edited=&#8221;on|phone&#8221; global_colors_info=&#8221;{}&#8221;]<\/p>\n<h2><b>Entidades mobilizadoras<\/b><\/h2>\n<p>[\/et_pb_text][\/et_pb_column][et_pb_column type=&#8221;1_2&#8243; _builder_version=&#8221;4.27.2&#8243; _module_preset=&#8221;default&#8221; global_colors_info=&#8221;{}&#8221;][\/et_pb_column][\/et_pb_row][et_pb_row column_structure=&#8221;1_3,1_3,1_3&#8243; use_custom_gutter=&#8221;on&#8221; gutter_width=&#8221;2&#8243; make_equal=&#8221;on&#8221; _builder_version=&#8221;4.27.4&#8243; _module_preset=&#8221;_initial&#8221; global_colors_info=&#8221;{}&#8221;][et_pb_column type=&#8221;1_3&#8243; _builder_version=&#8221;4.27.2&#8243; _module_preset=&#8221;default&#8221; global_colors_info=&#8221;{}&#8221;][dsm_card title=&#8221;Observat\u00f3rio do Litoral Norte (Viana do Castelo)&#8221; content_horizontal_alignment=&#8221;flex-start&#8221; image=&#8221;https:\/\/biomarato.org\/portugal\/wp-content\/uploads\/sites\/4\/2025\/04\/Captura-de-pantalla-2025-04-23-a-les-15.38.18.png&#8221; image_as_background=&#8221;off&#8221; badge_url=&#8221;https:\/\/ambiente.cm-viana-castelo.pt\/&#8221; badge_url_new_window=&#8221;on&#8221; content_padding=&#8221;26px|36px|26px|36px|true|true&#8221; button_text=&#8221;Visit website&#8221; button_url=&#8221;https:\/\/ambiente.cm-viana-castelo.pt\/&#8221; button_url_new_window=&#8221;1&#8243; module_class=&#8221;entitats&#8221; _builder_version=&#8221;4.27.4&#8243; _module_preset=&#8221;default&#8221; background_color=&#8221;#FFFFFF&#8221; link_option_url=&#8221;https:\/\/ambiente.cm-viana-castelo.pt\/&#8221; link_option_url_new_window=&#8221;on&#8221; hover_enabled=&#8221;0&#8243; global_colors_info=&#8221;{}&#8221; admin_label=&#8221;Supreme Card&#8221; sticky_enabled=&#8221;0&#8243;]<\/p>\n<p><span style=\"font-weight: 400\">O Observat\u00f3rio do Litoral Norte consiste num espa\u00e7o dedicado \u00e0 investiga\u00e7\u00e3o e \u00e0 promo\u00e7\u00e3o do conhecimento e da literacia cient\u00edfica da popula\u00e7\u00e3o para a tem\u00e1tica do mar.<\/span><\/p>\n<p>[\/dsm_card][\/et_pb_column][et_pb_column type=&#8221;1_3&#8243; _builder_version=&#8221;4.27.2&#8243; _module_preset=&#8221;default&#8221; global_colors_info=&#8221;{}&#8221;][dsm_card title=&#8221;Centro Ci\u00eancia Viva Vila do Conde (Vila do Conde)&#8221; content_horizontal_alignment=&#8221;flex-start&#8221; image=&#8221;https:\/\/biomarato.org\/portugal\/wp-content\/uploads\/sites\/4\/2025\/04\/Captura-de-pantalla-2025-04-23-a-les-15.38.33.png&#8221; image_as_background=&#8221;off&#8221; badge_url=&#8221;https:\/\/viladoconde.cienciaviva.pt\/&#8221; badge_url_new_window=&#8221;on&#8221; content_padding=&#8221;36px|36px|36px|36px|true|true&#8221; button_text=&#8221;Visit website&#8221; button_url=&#8221;https:\/\/viladoconde.cienciaviva.pt\/&#8221; button_url_new_window=&#8221;1&#8243; _builder_version=&#8221;4.27.4&#8243; _module_preset=&#8221;default&#8221; background_color=&#8221;#FFFFFF&#8221; link_option_url=&#8221;https:\/\/viladoconde.cienciaviva.pt\/&#8221; link_option_url_new_window=&#8221;on&#8221; hover_enabled=&#8221;0&#8243; global_colors_info=&#8221;{}&#8221; sticky_enabled=&#8221;0&#8243;]<\/p>\n<p><span style=\"font-weight: 400\">\u00c9 um espa\u00e7o plurifuncional de ci\u00eancia e tecnologia, vocacionado para a difus\u00e3o da cultura cient\u00edfica e tecnol\u00f3gica atrav\u00e9s da observa\u00e7\u00e3o e experimenta\u00e7\u00e3o.<\/span><\/p>\n<p>[\/dsm_card][\/et_pb_column][et_pb_column type=&#8221;1_3&#8243; _builder_version=&#8221;4.27.2&#8243; _module_preset=&#8221;default&#8221; global_colors_info=&#8221;{}&#8221;][dsm_card title=&#8221;CMIA Matosinhos&#8221; content_horizontal_alignment=&#8221;flex-start&#8221; image=&#8221;https:\/\/biomarato.org\/portugal\/wp-content\/uploads\/sites\/4\/2025\/04\/Captura-de-pantalla-2025-04-23-a-les-15.38.40.png&#8221; image_as_background=&#8221;off&#8221; badge_url=&#8221;http:\/\/cmia-matosinhos.net\/&#8221; badge_url_new_window=&#8221;on&#8221; content_padding=&#8221;36px|36px|36px|36px|true|true&#8221; button_text=&#8221;Visit website&#8221; button_url=&#8221;http:\/\/cmia-matosinhos.net\/&#8221; button_url_new_window=&#8221;1&#8243; _builder_version=&#8221;4.27.4&#8243; _module_preset=&#8221;default&#8221; background_color=&#8221;#FFFFFF&#8221; link_option_url=&#8221;http:\/\/cmia-matosinhos.net\/&#8221; link_option_url_new_window=&#8221;on&#8221; hover_enabled=&#8221;0&#8243; global_colors_info=&#8221;{}&#8221; sticky_enabled=&#8221;0&#8243;]<\/p>\n<p><span style=\"font-weight: 400\">O Centro de Monitoriza\u00e7\u00e3o e Interpreta\u00e7\u00e3o Ambiental (CMIA) de Matosinhos \u00e9 um centro de divulga\u00e7\u00e3o cient\u00edfica e educa\u00e7\u00e3o ambiental na \u00e1rea do mar.<\/span><\/p>\n<p>[\/dsm_card][\/et_pb_column][\/et_pb_row][et_pb_row column_structure=&#8221;1_3,1_3,1_3&#8243; use_custom_gutter=&#8221;on&#8221; gutter_width=&#8221;2&#8243; make_equal=&#8221;on&#8221; _builder_version=&#8221;4.27.4&#8243; _module_preset=&#8221;_initial&#8221; global_colors_info=&#8221;{}&#8221;][et_pb_column type=&#8221;1_3&#8243; _builder_version=&#8221;4.27.2&#8243; _module_preset=&#8221;default&#8221; global_colors_info=&#8221;{}&#8221;][dsm_card title=&#8221;Galeria da Biodiversidade&#8221; content_horizontal_alignment=&#8221;flex-start&#8221; image=&#8221;https:\/\/biomarato.org\/portugal\/wp-content\/uploads\/sites\/4\/2025\/04\/Captura-de-pantalla-2025-04-23-a-les-15.38.47.png&#8221; image_as_background=&#8221;off&#8221; badge_url=&#8221;https:\/\/mhnc.up.pt\/galeria-da-biodiversidade\/&#8221; badge_url_new_window=&#8221;on&#8221; content_padding=&#8221;36px|36px|36px|36px|true|true&#8221; button_text=&#8221;Visit website&#8221; button_url=&#8221;https:\/\/mhnc.up.pt\/galeria-da-biodiversidade\/&#8221; button_url_new_window=&#8221;1&#8243; _builder_version=&#8221;4.27.4&#8243; _module_preset=&#8221;default&#8221; background_color=&#8221;#FFFFFF&#8221; link_option_url=&#8221;https:\/\/mhnc.up.pt\/galeria-da-biodiversidade\/&#8221; link_option_url_new_window=&#8221;on&#8221; hover_enabled=&#8221;0&#8243; global_colors_info=&#8221;{}&#8221; sticky_enabled=&#8221;0&#8243;]<\/p>\n<p><span style=\"font-weight: 400\">\u00c9 um espa\u00e7o onde a arte se cruza com a biologia e a hist\u00f3ria natural.<\/span><\/p>\n<p>[\/dsm_card][\/et_pb_column][et_pb_column type=&#8221;1_3&#8243; _builder_version=&#8221;4.27.2&#8243; _module_preset=&#8221;default&#8221; global_colors_info=&#8221;{}&#8221;][dsm_card title=&#8221;Submersus&#8221; content_horizontal_alignment=&#8221;flex-start&#8221; image=&#8221;https:\/\/biomarato.org\/portugal\/wp-content\/uploads\/sites\/4\/2025\/04\/Captura-de-pantalla-2025-04-23-a-les-15.38.53.png&#8221; image_as_background=&#8221;off&#8221; badge_url=&#8221;https:\/\/www.submersus.com\/&#8221; badge_url_new_window=&#8221;on&#8221; content_padding=&#8221;36px|36px|36px|36px|true|true&#8221; button_text=&#8221;Visit website&#8221; button_url=&#8221;https:\/\/www.submersus.com\/&#8221; button_url_new_window=&#8221;1&#8243; _builder_version=&#8221;4.27.4&#8243; _module_preset=&#8221;default&#8221; background_color=&#8221;#FFFFFF&#8221; link_option_url=&#8221;https:\/\/www.submersus.com\/&#8221; link_option_url_new_window=&#8221;on&#8221; hover_enabled=&#8221;0&#8243; global_colors_info=&#8221;{}&#8221; sticky_enabled=&#8221;0&#8243;]<\/p>\n<p><span style=\"font-weight: 400\">\u00c9 uma<\/span> <span style=\"font-weight: 400\">escola de mergulho no norte de Portugal onde formam mergulhadores competentes e apaixonados pelo mundo subaqu\u00e1tico.<\/span><\/p>\n<p>[\/dsm_card][\/et_pb_column][et_pb_column type=&#8221;1_3&#8243; _builder_version=&#8221;4.27.2&#8243; _module_preset=&#8221;default&#8221; global_colors_info=&#8221;{}&#8221;][\/et_pb_column][\/et_pb_row][\/et_pb_section]<\/p>\n","protected":false},"excerpt":{"rendered":"<p>Rede de colabora\u00e7\u00e3oAs entidades colaboradoras e mobilizadoras desempenham um papel fundamental no sucesso da BioMARatonaEntidades mobilizadoras<div class=\"et_pb_module dsm_card dsm_card_0 entitats et_clickable et_pb_bg_layout_light  dsm_card_layout_stacked\">\n\t\t\t\t\n\t\t\t\t\n\t\t\t\t\n\t\t\t\t\n\t\t\t\t\n\t\t\t\t\n\t\t\t\t<div class=\"et_pb_module_inner\">\n\t\t\t\t\t\n\t\t\t\n\t\t\t<figure class=\"dsm_card_image_wrapper dsm_card_badge_top_right\"><img decoding=\"async\" src=\"https:\/\/biomarato.org\/portugal\/wp-content\/uploads\/sites\/4\/2025\/04\/Captura-de-pantalla-2025-04-23-a-les-15.38.18.png\" alt=\"\" srcset=\"https:\/\/biomarato.org\/portugal\/wp-content\/uploads\/sites\/4\/2025\/04\/Captura-de-pantalla-2025-04-23-a-les-15.38.18.png 1182w, https:\/\/biomarato.org\/portugal\/wp-content\/uploads\/sites\/4\/2025\/04\/Captura-de-pantalla-2025-04-23-a-les-15.38.18-980x322.png 980w, https:\/\/biomarato.org\/portugal\/wp-content\/uploads\/sites\/4\/2025\/04\/Captura-de-pantalla-2025-04-23-a-les-15.38.18-480x158.png 480w\" sizes=\"(min-width: 0px) and (max-width: 480px) 480px, (min-width: 481px) and (max-width: 980px) 980px, (min-width: 981px) 1182px, 100vw\" class=\"dsm_card_img dsm_card_image_stretch\" \/><\/figure>\n\t\t\t<div class=\"et_pb_module dsm_card_wrapper et_pb_text_align_left\">\n\t\t\t\t\t\n\t\t\t\t\t<h3 class=\"dsm_card_title et_pb_module_header\">Observat\u00f3rio do Litoral Norte (Viana do Castelo)<\/h3>\n\t\t\t\t\t\n\t\t\t\t\t<div class=\"dsm_card_description\">O Observat\u00f3rio do Litoral Norte consiste num espa\u00e7o dedicado \u00e0 investiga\u00e7\u00e3o e \u00e0 promo\u00e7\u00e3o do conhecimento e da literacia cient\u00edfica da popula\u00e7\u00e3o para a tem\u00e1tica do mar.<\/div>\n\t\t\t\t\t<div class=\"et_pb_button_wrapper\"><a class=\"et_pb_button et_pb_more_button \" href=\"https:\/\/ambiente.cm-viana-castelo.pt\/\">Visit website<\/a><\/div>\n\t\t\t\t<\/div>\n\t\t\t\n\t\t\t\t<\/div>\n\t\t\t<\/div><div class=\"et_pb_module dsm_card dsm_card_1 et_clickable et_pb_bg_layout_light  dsm_card_layout_stacked\">\n\t\t\t\t\n\t\t\t\t\n\t\t\t\t\n\t\t\t\t\n\t\t\t\t\n\t\t\t\t\n\t\t\t\t<div class=\"et_pb_module_inner\">\n\t\t\t\t\t\n\t\t\t\n\t\t\t<figure class=\"dsm_card_image_wrapper dsm_card_badge_top_right\"><img decoding=\"async\" src=\"https:\/\/biomarato.org\/portugal\/wp-content\/uploads\/sites\/4\/2025\/04\/Captura-de-pantalla-2025-04-23-a-les-15.38.33.png\" alt=\"\" srcset=\"https:\/\/biomarato.org\/portugal\/wp-content\/uploads\/sites\/4\/2025\/04\/Captura-de-pantalla-2025-04-23-a-les-15.38.33.png 740w, https:\/\/biomarato.org\/portugal\/wp-content\/uploads\/sites\/4\/2025\/04\/Captura-de-pantalla-2025-04-23-a-les-15.38.33-480x435.png 480w\" sizes=\"(min-width: 0px) and (max-width: 480px) 480px, (min-width: 481px) 740px, 100vw\" class=\"dsm_card_img dsm_card_image_stretch\" \/><\/figure>\n\t\t\t<div class=\"et_pb_module dsm_card_wrapper et_pb_text_align_left\">\n\t\t\t\t\t\n\t\t\t\t\t<h3 class=\"dsm_card_title et_pb_module_header\">Centro Ci\u00eancia Viva Vila do Conde (Vila do Conde)<\/h3>\n\t\t\t\t\t\n\t\t\t\t\t<div class=\"dsm_card_description\">\u00c9 um espa\u00e7o plurifuncional de ci\u00eancia e tecnologia, vocacionado para a difus\u00e3o da cultura cient\u00edfica e tecnol\u00f3gica atrav\u00e9s da observa\u00e7\u00e3o e experimenta\u00e7\u00e3o.<\/div>\n\t\t\t\t\t<div class=\"et_pb_button_wrapper\"><a class=\"et_pb_button et_pb_more_button \" href=\"https:\/\/viladoconde.cienciaviva.pt\/\">Visit website<\/a><\/div>\n\t\t\t\t<\/div>\n\t\t\t\n\t\t\t\t<\/div>\n\t\t\t<\/div><div class=\"et_pb_module dsm_card dsm_card_2 et_clickable et_pb_bg_layout_light  dsm_card_layout_stacked\">\n\t\t\t\t\n\t\t\t\t\n\t\t\t\t\n\t\t\t\t\n\t\t\t\t\n\t\t\t\t\n\t\t\t\t<div class=\"et_pb_module_inner\">\n\t\t\t\t\t\n\t\t\t\n\t\t\t<figure class=\"dsm_card_image_wrapper dsm_card_badge_top_right\"><img decoding=\"async\" src=\"https:\/\/biomarato.org\/portugal\/wp-content\/uploads\/sites\/4\/2025\/04\/Captura-de-pantalla-2025-04-23-a-les-15.38.40.png\" alt=\"\" srcset=\"https:\/\/biomarato.org\/portugal\/wp-content\/uploads\/sites\/4\/2025\/04\/Captura-de-pantalla-2025-04-23-a-les-15.38.40.png 1914w, https:\/\/biomarato.org\/portugal\/wp-content\/uploads\/sites\/4\/2025\/04\/Captura-de-pantalla-2025-04-23-a-les-15.38.40-1280x310.png 1280w, https:\/\/biomarato.org\/portugal\/wp-content\/uploads\/sites\/4\/2025\/04\/Captura-de-pantalla-2025-04-23-a-les-15.38.40-980x238.png 980w, https:\/\/biomarato.org\/portugal\/wp-content\/uploads\/sites\/4\/2025\/04\/Captura-de-pantalla-2025-04-23-a-les-15.38.40-480x116.png 480w\" sizes=\"(min-width: 0px) and (max-width: 480px) 480px, (min-width: 481px) and (max-width: 980px) 980px, (min-width: 981px) and (max-width: 1280px) 1280px, (min-width: 1281px) 1914px, 100vw\" class=\"dsm_card_img dsm_card_image_stretch\" \/><\/figure>\n\t\t\t<div class=\"et_pb_module dsm_card_wrapper et_pb_text_align_left\">\n\t\t\t\t\t\n\t\t\t\t\t<h3 class=\"dsm_card_title et_pb_module_header\">CMIA Matosinhos<\/h3>\n\t\t\t\t\t\n\t\t\t\t\t<div class=\"dsm_card_description\">O Centro de Monitoriza\u00e7\u00e3o e Interpreta\u00e7\u00e3o Ambiental (CMIA) de Matosinhos \u00e9 um centro de divulga\u00e7\u00e3o cient\u00edfica e educa\u00e7\u00e3o ambiental na \u00e1rea do mar.<\/div>\n\t\t\t\t\t<div class=\"et_pb_button_wrapper\"><a class=\"et_pb_button et_pb_more_button \" href=\"http:\/\/cmia-matosinhos.net\/\">Visit website<\/a><\/div>\n\t\t\t\t<\/div>\n\t\t\t\n\t\t\t\t<\/div>\n\t\t\t<\/div><div class=\"et_pb_module dsm_card dsm_card_3 et_clickable et_pb_bg_layout_light  dsm_card_layout_stacked\">\n\t\t\t\t\n\t\t\t\t\n\t\t\t\t\n\t\t\t\t\n\t\t\t\t\n\t\t\t\t\n\t\t\t\t<div class=\"et_pb_module_inner\">\n\t\t\t\t\t\n\t\t\t\n\t\t\t<figure class=\"dsm_card_image_wrapper dsm_card_badge_top_right\"><img decoding=\"async\" src=\"https:\/\/biomarato.org\/portugal\/wp-content\/uploads\/sites\/4\/2025\/04\/Captura-de-pantalla-2025-04-23-a-les-15.38.47.png\" alt=\"\" srcset=\"https:\/\/biomarato.org\/portugal\/wp-content\/uploads\/sites\/4\/2025\/04\/Captura-de-pantalla-2025-04-23-a-les-15.38.47.png 1790w, https:\/\/biomarato.org\/portugal\/wp-content\/uploads\/sites\/4\/2025\/04\/Captura-de-pantalla-2025-04-23-a-les-15.38.47-1280x505.png 1280w, https:\/\/biomarato.org\/portugal\/wp-content\/uploads\/sites\/4\/2025\/04\/Captura-de-pantalla-2025-04-23-a-les-15.38.47-980x387.png 980w, https:\/\/biomarato.org\/portugal\/wp-content\/uploads\/sites\/4\/2025\/04\/Captura-de-pantalla-2025-04-23-a-les-15.38.47-480x189.png 480w\" sizes=\"(min-width: 0px) and (max-width: 480px) 480px, (min-width: 481px) and (max-width: 980px) 980px, (min-width: 981px) and (max-width: 1280px) 1280px, (min-width: 1281px) 1790px, 100vw\" class=\"dsm_card_img dsm_card_image_stretch\" \/><\/figure>\n\t\t\t<div class=\"et_pb_module dsm_card_wrapper et_pb_text_align_left\">\n\t\t\t\t\t\n\t\t\t\t\t<h3 class=\"dsm_card_title et_pb_module_header\">Galeria da Biodiversidade<\/h3>\n\t\t\t\t\t\n\t\t\t\t\t<div class=\"dsm_card_description\">\u00c9 um espa\u00e7o onde a arte se cruza com a biologia e a hist\u00f3ria natural.<\/div>\n\t\t\t\t\t<div class=\"et_pb_button_wrapper\"><a class=\"et_pb_button et_pb_more_button \" href=\"https:\/\/mhnc.up.pt\/galeria-da-biodiversidade\/\">Visit website<\/a><\/div>\n\t\t\t\t<\/div>\n\t\t\t\n\t\t\t\t<\/div>\n\t\t\t<\/div><div class=\"et_pb_module dsm_card dsm_card_4 et_pb_bg_layout_light  dsm_card_layout_stacked\">\n\t\t\t\t\n\t\t\t\t\n\t\t\t\t\n\t\t\t\t\n\t\t\t\t\n\t\t\t\t\n\t\t\t\t<div class=\"et_pb_module_inner\">\n\t\t\t\t\t\n\t\t\t\n\t\t\t<figure class=\"dsm_card_image_wrapper dsm_card_badge_top_right\"><img decoding=\"async\" src=\"\" alt=\"\" class=\"et_multi_view_hidden_image dsm_card_img dsm_card_image_stretch\" \/><\/figure>\n\t\t\t<div class=\"et_pb_module dsm_card_wrapper et_pb_text_align_left\">\n\t\t\t\t\t\n\t\t\t\t\t<h3 class=\"dsm_card_title et_pb_module_header\">&#8221;Submersus&#8221;<\/h3>\n\t\t\t\t\t\n\t\t\t\t\t\n\t\t\t\t\t\n\t\t\t\t<\/div>\n\t\t\t\n\t\t\t\t<\/div>\n\t\t\t<\/div><\/p>\n","protected":false},"author":1,"featured_media":0,"parent":0,"menu_order":0,"comment_status":"closed","ping_status":"closed","template":"","meta":{"_acf_changed":false,"_et_pb_use_builder":"on","_et_pb_old_content":"","_et_gb_content_width":"","footnotes":""},"class_list":["post-1025","page","type-page","status-publish","hentry"],"acf":[],"yoast_head":"<!-- This site is optimized with the Yoast SEO plugin v27.6 - https:\/\/yoast.com\/product\/yoast-seo-wordpress\/ -->\n<title>Rede de colabora\u00e7\u00e3o - Portugal<\/title>\n<meta name=\"robots\" content=\"index, follow, max-snippet:-1, max-image-preview:large, max-video-preview:-1\" \/>\n<link rel=\"canonical\" href=\"https:\/\/biomarato.org\/portugal\/rede-de-colaboracao\/\" \/>\n<meta property=\"og:locale\" content=\"pt_PT\" \/>\n<meta property=\"og:type\" content=\"article\" \/>\n<meta property=\"og:title\" content=\"Rede de colabora\u00e7\u00e3o - Portugal\" \/>\n<meta property=\"og:description\" content=\"Rede de colabora\u00e7\u00e3oAs entidades colaboradoras e mobilizadoras desempenham um papel fundamental no sucesso da BioMARatonaEntidades mobilizadoras\" \/>\n<meta property=\"og:url\" content=\"https:\/\/biomarato.org\/portugal\/rede-de-colaboracao\/\" \/>\n<meta property=\"og:site_name\" content=\"Portugal\" \/>\n<meta property=\"article:modified_time\" content=\"2026-02-18T09:58:30+00:00\" \/>\n<meta name=\"twitter:card\" content=\"summary_large_image\" \/>\n<meta name=\"twitter:label1\" content=\"Tempo estimado de leitura\" \/>\n\t<meta name=\"twitter:data1\" content=\"2 minutos\" \/>\n<script type=\"application\/ld+json\" class=\"yoast-schema-graph\">{\"@context\":\"https:\\\/\\\/schema.org\",\"@graph\":[{\"@type\":\"WebPage\",\"@id\":\"https:\\\/\\\/biomarato.org\\\/portugal\\\/rede-de-colaboracao\\\/\",\"url\":\"https:\\\/\\\/biomarato.org\\\/portugal\\\/rede-de-colaboracao\\\/\",\"name\":\"Rede de colabora\u00e7\u00e3o - Portugal\",\"isPartOf\":{\"@id\":\"https:\\\/\\\/biomarato.org\\\/portugal\\\/#website\"},\"datePublished\":\"2024-12-05T15:55:11+00:00\",\"dateModified\":\"2026-02-18T09:58:30+00:00\",\"breadcrumb\":{\"@id\":\"https:\\\/\\\/biomarato.org\\\/portugal\\\/rede-de-colaboracao\\\/#breadcrumb\"},\"inLanguage\":\"pt-PT\",\"potentialAction\":[{\"@type\":\"ReadAction\",\"target\":[\"https:\\\/\\\/biomarato.org\\\/portugal\\\/rede-de-colaboracao\\\/\"]}]},{\"@type\":\"BreadcrumbList\",\"@id\":\"https:\\\/\\\/biomarato.org\\\/portugal\\\/rede-de-colaboracao\\\/#breadcrumb\",\"itemListElement\":[{\"@type\":\"ListItem\",\"position\":1,\"name\":\"Inici\",\"item\":\"https:\\\/\\\/biomarato.org\\\/portugal\\\/\"},{\"@type\":\"ListItem\",\"position\":2,\"name\":\"Rede de colabora\u00e7\u00e3o\"}]},{\"@type\":\"WebSite\",\"@id\":\"https:\\\/\\\/biomarato.org\\\/portugal\\\/#website\",\"url\":\"https:\\\/\\\/biomarato.org\\\/portugal\\\/\",\"name\":\"Portugal\",\"description\":\"Una iniciativa per descobrir la biodiversitat marina amb la ci\u00e8ncia ciutadana\",\"potentialAction\":[{\"@type\":\"SearchAction\",\"target\":{\"@type\":\"EntryPoint\",\"urlTemplate\":\"https:\\\/\\\/biomarato.org\\\/portugal\\\/?s={search_term_string}\"},\"query-input\":{\"@type\":\"PropertyValueSpecification\",\"valueRequired\":true,\"valueName\":\"search_term_string\"}}],\"inLanguage\":\"pt-PT\"}]}<\/script>\n<!-- \/ Yoast SEO plugin. -->","yoast_head_json":{"title":"Rede de colabora\u00e7\u00e3o - Portugal","robots":{"index":"index","follow":"follow","max-snippet":"max-snippet:-1","max-image-preview":"max-image-preview:large","max-video-preview":"max-video-preview:-1"},"canonical":"https:\/\/biomarato.org\/portugal\/rede-de-colaboracao\/","og_locale":"pt_PT","og_type":"article","og_title":"Rede de colabora\u00e7\u00e3o - Portugal","og_description":"Rede de colabora\u00e7\u00e3oAs entidades colaboradoras e mobilizadoras desempenham um papel fundamental no sucesso da BioMARatonaEntidades mobilizadoras","og_url":"https:\/\/biomarato.org\/portugal\/rede-de-colaboracao\/","og_site_name":"Portugal","article_modified_time":"2026-02-18T09:58:30+00:00","twitter_card":"summary_large_image","twitter_misc":{"Tempo estimado de leitura":"2 minutos"},"schema":{"@context":"https:\/\/schema.org","@graph":[{"@type":"WebPage","@id":"https:\/\/biomarato.org\/portugal\/rede-de-colaboracao\/","url":"https:\/\/biomarato.org\/portugal\/rede-de-colaboracao\/","name":"Rede de colabora\u00e7\u00e3o - Portugal","isPartOf":{"@id":"https:\/\/biomarato.org\/portugal\/#website"},"datePublished":"2024-12-05T15:55:11+00:00","dateModified":"2026-02-18T09:58:30+00:00","breadcrumb":{"@id":"https:\/\/biomarato.org\/portugal\/rede-de-colaboracao\/#breadcrumb"},"inLanguage":"pt-PT","potentialAction":[{"@type":"ReadAction","target":["https:\/\/biomarato.org\/portugal\/rede-de-colaboracao\/"]}]},{"@type":"BreadcrumbList","@id":"https:\/\/biomarato.org\/portugal\/rede-de-colaboracao\/#breadcrumb","itemListElement":[{"@type":"ListItem","position":1,"name":"Inici","item":"https:\/\/biomarato.org\/portugal\/"},{"@type":"ListItem","position":2,"name":"Rede de colabora\u00e7\u00e3o"}]},{"@type":"WebSite","@id":"https:\/\/biomarato.org\/portugal\/#website","url":"https:\/\/biomarato.org\/portugal\/","name":"Portugal","description":"Una iniciativa per descobrir la biodiversitat marina amb la ci\u00e8ncia ciutadana","potentialAction":[{"@type":"SearchAction","target":{"@type":"EntryPoint","urlTemplate":"https:\/\/biomarato.org\/portugal\/?s={search_term_string}"},"query-input":{"@type":"PropertyValueSpecification","valueRequired":true,"valueName":"search_term_string"}}],"inLanguage":"pt-PT"}]}},"_links":{"self":[{"href":"https:\/\/biomarato.org\/portugal\/wp-json\/wp\/v2\/pages\/1025","targetHints":{"allow":["GET"]}}],"collection":[{"href":"https:\/\/biomarato.org\/portugal\/wp-json\/wp\/v2\/pages"}],"about":[{"href":"https:\/\/biomarato.org\/portugal\/wp-json\/wp\/v2\/types\/page"}],"author":[{"embeddable":true,"href":"https:\/\/biomarato.org\/portugal\/wp-json\/wp\/v2\/users\/1"}],"replies":[{"embeddable":true,"href":"https:\/\/biomarato.org\/portugal\/wp-json\/wp\/v2\/comments?post=1025"}],"version-history":[{"count":8,"href":"https:\/\/biomarato.org\/portugal\/wp-json\/wp\/v2\/pages\/1025\/revisions"}],"predecessor-version":[{"id":1389,"href":"https:\/\/biomarato.org\/portugal\/wp-json\/wp\/v2\/pages\/1025\/revisions\/1389"}],"wp:attachment":[{"href":"https:\/\/biomarato.org\/portugal\/wp-json\/wp\/v2\/media?parent=1025"}],"curies":[{"name":"wp","href":"https:\/\/api.w.org\/{rel}","templated":true}]}}